Last updated on 2021-02-27 02:48:37 CET.
Flavor | Version | Tinstall | Tcheck | Ttotal | Status | Flags |
---|---|---|---|---|---|---|
r-devel-linux-x86_64-debian-clang | 1.1 | 15.17 | 168.72 | 183.89 | NOTE | |
r-devel-linux-x86_64-debian-gcc | 1.1 | 13.00 | 127.37 | 140.37 | NOTE | |
r-devel-linux-x86_64-fedora-clang | 1.1 | 246.02 | NOTE | |||
r-devel-linux-x86_64-fedora-gcc | 1.1 | 219.21 | NOTE | |||
r-devel-windows-ix86+x86_64 | 1.1 | 33.00 | 139.00 | 172.00 | NOTE | |
r-patched-linux-x86_64 | 1.1 | 14.01 | 157.68 | 171.69 | NOTE | |
r-patched-solaris-x86 | 1.1 | 318.80 | NOTE | |||
r-release-linux-x86_64 | 1.1 | 13.79 | 157.54 | 171.33 | NOTE | |
r-release-macos-x86_64 | 1.1 | NOTE | ||||
r-release-windows-ix86+x86_64 | 1.1 | 42.00 | 22.00 | 64.00 | ERROR | |
r-oldrel-macos-x86_64 | 1.1 | NOTE | ||||
r-oldrel-windows-ix86+x86_64 | 1.1 | 27.00 | 171.00 | 198.00 | NOTE |
Version: 1.1
Check: R code for possible problems
Result: NOTE
L_hNV: no visible global function definition for 'pnorm'
L_hNV_rho: no visible global function definition for 'pnorm'
eff.ssfa: no visible global function definition for 'pnorm'
plot_fitted: no visible global function definition for 'lines'
plot_moran: no visible global function definition for 'residuals'
print.summary.ssfa: no visible global function definition for
'printCoefmat'
ssfa: no visible global function definition for 'model.frame'
ssfa: no visible global function definition for 'model.response'
ssfa.fit: no visible global function definition for 'lm'
ssfa.fit: no visible global function definition for 'var'
ssfa.fit: no visible global function definition for 'logLik'
summary.ssfa: no visible global function definition for 'pnorm'
summary.ssfa: no visible global function definition for 'logLik'
summary.ssfa: no visible global function definition for 'pchisq'
summary.ssfa: no visible binding for global variable 'df'
u.ssfa: no visible global function definition for 'dnorm'
u.ssfa: no visible global function definition for 'pnorm'
Undefined global functions or variables:
df dnorm lines lm logLik model.frame model.response pchisq pnorm
printCoefmat residuals var
Consider adding
importFrom("graphics", "lines")
importFrom("stats", "df", "dnorm", "lm", "logLik", "model.frame",
"model.response", "pchisq", "pnorm", "printCoefmat",
"residuals", "var")
to your NAMESPACE file.
Flavors: r-devel-linux-x86_64-debian-clang, r-devel-linux-x86_64-debian-gcc, r-devel-linux-x86_64-fedora-clang, r-devel-linux-x86_64-fedora-gcc, r-devel-windows-ix86+x86_64, r-patched-linux-x86_64, r-patched-solaris-x86, r-release-linux-x86_64, r-release-macos-x86_64, r-oldrel-macos-x86_64, r-oldrel-windows-ix86+x86_64
Version: 1.1
Check: whether package can be installed
Result: ERROR
Installation failed.
Flavor: r-release-windows-ix86+x86_64