CRAN Package Check Results for Package sstModel

Last updated on 2021-03-04 02:48:22 CET.

Flavor Version Tinstall Tcheck Ttotal Status Flags
r-devel-linux-x86_64-debian-clang 1.0.0 15.50 117.55 133.05 OK
r-devel-linux-x86_64-debian-gcc 1.0.0 12.07 91.02 103.09 OK
r-devel-linux-x86_64-fedora-clang 1.0.0 163.93 NOTE
r-devel-linux-x86_64-fedora-gcc 1.0.0 153.20 NOTE
r-devel-windows-ix86+x86_64 1.0.0 22.00 119.00 141.00 OK
r-patched-linux-x86_64 1.0.0 14.09 107.26 121.35 OK
r-patched-solaris-x86 1.0.0 192.60 NOTE
r-release-linux-x86_64 1.0.0 14.32 108.99 123.31 OK
r-release-macos-x86_64 1.0.0 NOTE
r-release-windows-ix86+x86_64 1.0.0 19.00 116.00 135.00 OK
r-oldrel-macos-x86_64 1.0.0 NOTE
r-oldrel-windows-ix86+x86_64 1.0.0 23.00 131.00 154.00 OK

Check Details

Version: 1.0.0
Check: dependencies in R code
Result: NOTE
    Namespace in Imports field not imported from: ‘shinydashboard’
     All declared Imports should be used.
Flavors: r-devel-linux-x86_64-fedora-clang, r-devel-linux-x86_64-fedora-gcc, r-patched-solaris-x86, r-release-macos-x86_64, r-oldrel-macos-x86_64