Last updated on 2023-03-31 03:52:44 CEST.
Flavor | Version | Tinstall | Tcheck | Ttotal | Status | Flags |
---|---|---|---|---|---|---|
r-devel-linux-x86_64-debian-clang | 0.6-4 | 2.29 | 83.92 | 86.21 | NOTE | |
r-devel-linux-x86_64-debian-gcc | 0.6-4 | 2.54 | 67.27 | 69.81 | NOTE | |
r-devel-linux-x86_64-fedora-clang | 0.6-4 | 108.83 | NOTE | |||
r-devel-linux-x86_64-fedora-gcc | 0.6-4 | 106.41 | NOTE | |||
r-patched-linux-x86_64 | 0.6-4 | 3.43 | 80.14 | 83.57 | NOTE | |
r-release-linux-x86_64 | 0.6-4 | 2.58 | 74.52 | 77.10 | NOTE | |
r-release-macos-arm64 | 0.6-4 | 27.00 | NOTE | |||
r-release-macos-x86_64 | 0.6-4 | 53.00 | NOTE | |||
r-release-windows-x86_64 | 0.6-4 | 16.00 | 90.00 | 106.00 | NOTE | |
r-oldrel-macos-arm64 | 0.6-4 | 31.00 | NOTE | |||
r-oldrel-macos-x86_64 | 0.6-4 | 58.00 | NOTE | |||
r-oldrel-windows-ix86+x86_64 | 0.6-4 | 6.00 | 75.00 | 81.00 | NOTE |
Version: 0.6-4
Check: LazyData
Result: NOTE
'LazyData' is specified without a 'data' directory
Flavors: r-devel-linux-x86_64-debian-clang, r-devel-linux-x86_64-debian-gcc, r-devel-linux-x86_64-fedora-clang, r-devel-linux-x86_64-fedora-gcc, r-patched-linux-x86_64, r-release-linux-x86_64, r-release-macos-arm64, r-release-macos-x86_64, r-release-windows-x86_64, r-oldrel-macos-arm64, r-oldrel-macos-x86_64, r-oldrel-windows-ix86+x86_64
Version: 0.6-4
Check: package dependencies
Result: NOTE
Package suggested but not available for checking: ‘gamboostLSS’
Flavor: r-release-macos-x86_64