Last updated on 2023-05-27 02:49:53 CEST.
Flavor | Version | Tinstall | Tcheck | Ttotal | Status | Flags |
---|---|---|---|---|---|---|
r-devel-linux-x86_64-debian-clang | 1.1.10 | 10.62 | 109.73 | 120.35 | NOTE | |
r-devel-linux-x86_64-debian-gcc | 1.1.10 | 10.91 | 83.68 | 94.59 | NOTE | |
r-devel-linux-x86_64-fedora-clang | 1.1.10 | 131.29 | NOTE | |||
r-devel-linux-x86_64-fedora-gcc | 1.1.10 | 147.09 | NOTE | |||
r-devel-windows-x86_64 | 1.1.10 | 15.00 | 96.00 | 111.00 | NOTE | |
r-patched-linux-x86_64 | 1.1.10 | 14.97 | 103.94 | 118.91 | NOTE | |
r-release-linux-x86_64 | 1.1.10 | 11.53 | 105.97 | 117.50 | NOTE | |
r-release-macos-arm64 | 1.1.10 | 44.00 | NOTE | |||
r-release-macos-x86_64 | 1.1.10 | 76.00 | NOTE | |||
r-release-windows-x86_64 | 1.1.10 | 16.00 | 115.00 | 131.00 | NOTE | |
r-oldrel-macos-arm64 | 1.1.10 | 44.00 | OK | |||
r-oldrel-macos-x86_64 | 1.1.10 | 80.00 | OK | |||
r-oldrel-windows-x86_64 | 1.1.10 | 17.00 | 115.00 | 132.00 | OK |
Version: 1.1.10
Check: Rd files
Result: NOTE
checkRd: (-1) multiCUMSUM.Rd:33: Escaped LaTeX specials: \&
Flavors: r-devel-linux-x86_64-debian-clang, r-devel-linux-x86_64-debian-gcc, r-devel-linux-x86_64-fedora-clang, r-devel-linux-x86_64-fedora-gcc, r-devel-windows-x86_64, r-patched-linux-x86_64, r-release-linux-x86_64, r-release-macos-arm64, r-release-macos-x86_64, r-release-windows-x86_64