CRAN Package Check Results for Package statnet

Last updated on 2022-12-04 02:49:28 CET.

Flavor Version Tinstall Tcheck Ttotal Status Flags
r-devel-linux-x86_64-debian-clang 2019.6 14.00 976.73 990.73 NOTE
r-devel-linux-x86_64-debian-gcc 2019.6 12.44 672.52 684.96 NOTE
r-devel-linux-x86_64-fedora-clang 2019.6 1392.00 NOTE
r-devel-linux-x86_64-fedora-gcc 2019.6 1423.18 NOTE
r-devel-windows-x86_64 2019.6 179.00 410.00 589.00 OK
r-patched-linux-x86_64 2019.6 13.09 217.76 230.85 NOTE
r-release-linux-x86_64 2019.6 11.06 227.84 238.90 NOTE
r-release-macos-arm64 2019.6 98.00 OK
r-release-macos-x86_64 2019.6 216.00 OK
r-release-windows-x86_64 2019.6 66.00 454.00 520.00 OK
r-oldrel-macos-arm64 2019.6 104.00 OK
r-oldrel-macos-x86_64 2019.6 208.00 OK
r-oldrel-windows-ix86+x86_64 2019.6 206.00 386.00 592.00 OK

Check Details

Version: 2019.6
Check: package dependencies
Result: NOTE
    Package suggested but not available for checking: 'networksis'
Flavors: r-devel-linux-x86_64-debian-clang, r-devel-linux-x86_64-debian-gcc, r-devel-linux-x86_64-fedora-clang, r-devel-linux-x86_64-fedora-gcc, r-patched-linux-x86_64, r-release-linux-x86_64