CRAN Package Check Results for Package steps

Last updated on 2022-10-04 02:54:53 CEST.

Flavor Version Tinstall Tcheck Ttotal Status Flags
r-devel-linux-x86_64-debian-clang 1.2.1 59.34 610.57 669.91 NOTE
r-devel-linux-x86_64-debian-gcc 1.2.1 44.45 461.83 506.28 NOTE
r-devel-linux-x86_64-fedora-clang 1.2.1 813.91 NOTE
r-devel-linux-x86_64-fedora-gcc 1.2.1 767.83 NOTE
r-devel-windows-x86_64 1.2.1 144.00 769.00 913.00 NOTE
r-patched-linux-x86_64 1.2.1 47.10 584.63 631.73 OK
r-release-linux-x86_64 1.2.1 43.65 577.68 621.33 OK
r-release-macos-arm64 1.2.1 224.00 OK
r-release-macos-x86_64 1.2.1 283.00 OK
r-release-windows-x86_64 1.2.1 61.00 786.00 847.00 OK
r-oldrel-macos-arm64 1.2.1 214.00 OK
r-oldrel-macos-x86_64 1.2.1 339.00 OK
r-oldrel-windows-ix86+x86_64 1.2.1 127.00 975.00 1102.00 OK

Check Details

Version: 1.2.1
Check: package subdirectories
Result: NOTE
    Problems with news in 'NEWS.md':
    No news entries found.
Flavors: r-devel-linux-x86_64-debian-clang, r-devel-linux-x86_64-debian-gcc, r-devel-linux-x86_64-fedora-clang, r-devel-linux-x86_64-fedora-gcc, r-devel-windows-x86_64