CRAN Package Check Results for Package stmCorrViz

Last updated on 2020-07-06 02:47:52 CEST.

Flavor Version Tinstall Tcheck Ttotal Status Flags
r-devel-linux-x86_64-debian-clang 1.3 2.67 62.82 65.49 NOTE
r-devel-linux-x86_64-debian-gcc 1.3 2.06 85.23 87.29 NOTE
r-devel-linux-x86_64-fedora-clang 1.3 77.56 NOTE
r-devel-linux-x86_64-fedora-gcc 1.3 60.31 NOTE
r-devel-windows-ix86+x86_64 1.3 13.00 46.00 59.00 OK
r-patched-linux-x86_64 1.3 2.73 58.65 61.38 NOTE
r-patched-solaris-x86 1.3 71.40 NOTE
r-release-linux-x86_64 1.3 2.38 63.34 65.72 NOTE
r-release-osx-x86_64 1.3 NOTE
r-release-windows-ix86+x86_64 1.3 9.00 47.00 56.00 OK
r-oldrel-osx-x86_64 1.3 NOTE
r-oldrel-windows-ix86+x86_64 1.3 10.00 90.00 100.00 OK

Check Details

Version: 1.3
Check: for non-standard things in the check directory
Result: NOTE
    Found the following files/directories:
     'corrviz.html'
Flavors: r-devel-linux-x86_64-debian-clang, r-devel-linux-x86_64-debian-gcc, r-devel-linux-x86_64-fedora-clang, r-devel-linux-x86_64-fedora-gcc, r-patched-linux-x86_64, r-patched-solaris-x86, r-release-linux-x86_64

Version: 1.3
Check: dependencies in R code
Result: NOTE
    Namespaces in Imports field not imported from:
     ‘SnowballC’ ‘tm’
     All declared Imports should be used.
Flavors: r-devel-linux-x86_64-fedora-clang, r-devel-linux-x86_64-fedora-gcc, r-patched-solaris-x86, r-release-osx-x86_64, r-oldrel-osx-x86_64