CRAN Package Check Results for Package stmCorrViz

Last updated on 2022-10-03 03:55:16 CEST.

Flavor Version Tinstall Tcheck Ttotal Status Flags
r-devel-linux-x86_64-debian-clang 1.3 2.28 42.65 44.93 NOTE
r-devel-linux-x86_64-debian-gcc 1.3 2.04 31.93 33.97 NOTE
r-devel-linux-x86_64-fedora-clang 1.3 67.82 NOTE
r-devel-linux-x86_64-fedora-gcc 1.3 63.34 NOTE
r-devel-windows-x86_64 1.3 12.00 73.00 85.00 OK
r-patched-linux-x86_64 1.3 2.62 41.13 43.75 NOTE
r-release-linux-x86_64 1.3 2.10 39.74 41.84 NOTE
r-release-macos-arm64 1.3 21.00 NOTE
r-release-macos-x86_64 1.3 29.00 NOTE
r-release-windows-x86_64 1.3 21.00 73.00 94.00 OK
r-oldrel-macos-arm64 1.3 25.00 NOTE
r-oldrel-macos-x86_64 1.3 33.00 NOTE
r-oldrel-windows-ix86+x86_64 1.3 7.00 65.00 72.00 OK

Check Details

Version: 1.3
Check: for non-standard things in the check directory
Result: NOTE
    Found the following files/directories:
     'corrviz.html'
Flavors: r-devel-linux-x86_64-debian-clang, r-devel-linux-x86_64-debian-gcc, r-devel-linux-x86_64-fedora-clang, r-devel-linux-x86_64-fedora-gcc, r-patched-linux-x86_64, r-release-linux-x86_64

Version: 1.3
Check: dependencies in R code
Result: NOTE
    Namespaces in Imports field not imported from:
     ‘SnowballC’ ‘tm’
     All declared Imports should be used.
Flavors: r-devel-linux-x86_64-fedora-clang, r-devel-linux-x86_64-fedora-gcc, r-release-macos-arm64, r-release-macos-x86_64, r-oldrel-macos-arm64, r-oldrel-macos-x86_64