Last updated on 2022-07-02 02:53:15 CEST.
Flavor | Version | Tinstall | Tcheck | Ttotal | Status | Flags |
---|---|---|---|---|---|---|
r-devel-linux-x86_64-debian-clang | 0.1.0-1 | 38.55 | 325.50 | 364.05 | OK | |
r-devel-linux-x86_64-debian-gcc | 0.1.0-1 | 30.51 | 217.29 | 247.80 | OK | |
r-devel-linux-x86_64-fedora-clang | 0.1.0-1 | 430.28 | NOTE | |||
r-devel-linux-x86_64-fedora-gcc | 0.1.0-1 | 436.99 | NOTE | |||
r-devel-windows-x86_64 | 0.1.0-1 | 36.00 | 394.00 | 430.00 | OK | |
r-patched-linux-x86_64 | 0.1.0-1 | 31.83 | 305.95 | 337.78 | OK | |
r-release-linux-x86_64 | 0.1.0-1 | 30.04 | 310.07 | 340.11 | OK | |
r-release-macos-arm64 | 0.1.0-1 | 102.00 | NOTE | |||
r-release-macos-x86_64 | 0.1.0-1 | 150.00 | NOTE | |||
r-release-windows-x86_64 | 0.1.0-1 | 36.00 | 402.00 | 438.00 | OK | |
r-oldrel-macos-arm64 | 0.1.0-1 | 105.00 | NOTE | |||
r-oldrel-macos-x86_64 | 0.1.0-1 | 173.00 | NOTE | |||
r-oldrel-windows-ix86+x86_64 | 0.1.0-1 | 93.00 | 419.00 | 512.00 | OK |
Version: 0.1.0-1
Check: dependencies in R code
Result: NOTE
Namespaces in Imports field not imported from:
‘doParallel’ ‘pROC’
All declared Imports should be used.
Flavors: r-devel-linux-x86_64-fedora-clang, r-devel-linux-x86_64-fedora-gcc, r-release-macos-arm64, r-release-macos-x86_64, r-oldrel-macos-arm64, r-oldrel-macos-x86_64