CRAN Package Check Results for Package survivalmodels

Last updated on 2022-11-28 01:51:47 CET.

Flavor Version Tinstall Tcheck Ttotal Status Flags
r-devel-linux-x86_64-debian-clang 0.1.13 16.25 55.32 71.57 NOTE
r-devel-linux-x86_64-debian-gcc 0.1.13 14.67 43.21 57.88 NOTE
r-devel-linux-x86_64-fedora-clang 0.1.13 114.97 NOTE
r-devel-linux-x86_64-fedora-gcc 0.1.13 104.51 NOTE
r-devel-windows-x86_64 0.1.13 55.00 134.00 189.00 OK
r-patched-linux-x86_64 0.1.13 18.24 50.91 69.15 NOTE
r-release-linux-x86_64 0.1.13 14.79 50.72 65.51 NOTE
r-release-macos-arm64 0.1.13 41.00 OK
r-release-macos-x86_64 0.1.13 50.00 OK
r-release-windows-x86_64 0.1.13 82.00 133.00 215.00 OK
r-oldrel-macos-arm64 0.1.13 46.00 OK
r-oldrel-macos-x86_64 0.1.13 50.00 OK
r-oldrel-windows-ix86+x86_64 0.1.13 47.00 172.00 219.00 OK

Additional issues

donttest

Check Details

Version: 0.1.13
Check: package dependencies
Result: NOTE
    Package suggested but not available for checking: 'distr6'
Flavors: r-devel-linux-x86_64-debian-clang, r-devel-linux-x86_64-debian-gcc, r-devel-linux-x86_64-fedora-clang, r-devel-linux-x86_64-fedora-gcc, r-patched-linux-x86_64, r-release-linux-x86_64

Version: 0.1.13
Check: Rd cross-references
Result: NOTE
    Unknown package 'distr6' in Rd xrefs
Flavors: r-devel-linux-x86_64-debian-clang, r-devel-linux-x86_64-debian-gcc, r-devel-linux-x86_64-fedora-clang, r-devel-linux-x86_64-fedora-gcc, r-patched-linux-x86_64, r-release-linux-x86_64