CRAN Package Check Results for Package survminer

Last updated on 2020-12-04 02:51:52 CET.

Flavor Version Tinstall Tcheck Ttotal Status Flags
r-devel-linux-x86_64-debian-clang 0.4.8 17.13 209.73 226.86 OK
r-devel-linux-x86_64-debian-gcc 0.4.8 14.13 154.29 168.42 OK
r-devel-linux-x86_64-fedora-clang 0.4.8 269.10 NOTE
r-devel-linux-x86_64-fedora-gcc 0.4.8 269.88 OK
r-devel-windows-ix86+x86_64 0.4.8 26.00 249.00 275.00 NOTE
r-patched-linux-x86_64 0.4.8 11.71 194.15 205.86 OK
r-patched-solaris-x86 0.4.8 357.80 NOTE
r-release-linux-x86_64 0.4.8 11.71 196.06 207.77 OK
r-release-macos-x86_64 0.4.8 NOTE
r-release-windows-ix86+x86_64 0.4.8 24.00 221.00 245.00 NOTE
r-oldrel-macos-x86_64 0.4.8 NOTE
r-oldrel-windows-ix86+x86_64 0.4.8 37.00 268.00 305.00 NOTE

Check Details

Version: 0.4.8
Check: installed package size
Result: NOTE
     installed size is 5.3Mb
     sub-directories of 1Mb or more:
     doc 4.8Mb
Flavors: r-devel-linux-x86_64-fedora-clang, r-devel-windows-ix86+x86_64, r-patched-solaris-x86, r-release-macos-x86_64, r-release-windows-ix86+x86_64, r-oldrel-macos-x86_64, r-oldrel-windows-ix86+x86_64