CRAN Package Check Results for Package swfscMisc

Last updated on 2023-01-28 02:57:32 CET.

Flavor Version Tinstall Tcheck Ttotal Status Flags
r-devel-linux-x86_64-debian-clang 1.6 5.73 55.09 60.82 OK
r-devel-linux-x86_64-debian-gcc 1.6 4.54 41.31 45.85 OK
r-devel-linux-x86_64-fedora-clang 1.6 78.07 NOTE
r-devel-linux-x86_64-fedora-gcc 1.6 73.42 NOTE
r-patched-linux-x86_64 1.6 5.56 51.73 57.29 OK
r-release-linux-x86_64 1.6 4.01 52.22 56.23 OK
r-release-macos-arm64 1.6 26.00 NOTE
r-release-macos-x86_64 1.6 38.00 NOTE
r-release-windows-x86_64 1.6 70.00 96.00 166.00 OK
r-oldrel-macos-arm64 1.6 27.00 NOTE
r-oldrel-macos-x86_64 1.6 40.00 NOTE
r-oldrel-windows-ix86+x86_64 1.6 11.00 83.00 94.00 OK

Check Details

Version: 1.6
Check: dependencies in R code
Result: NOTE
    Namespaces in Imports field not imported from:
     ‘mapdata’ ‘utils’
     All declared Imports should be used.
Flavors: r-devel-linux-x86_64-fedora-clang, r-devel-linux-x86_64-fedora-gcc, r-release-macos-arm64, r-release-macos-x86_64, r-oldrel-macos-arm64, r-oldrel-macos-x86_64