CRAN Package Check Results for Package symmetry

Last updated on 2020-11-25 02:49:17 CET.

Flavor Version Tinstall Tcheck Ttotal Status Flags
r-devel-linux-x86_64-debian-clang 0.2.1 228.04 39.07 267.11 OK
r-devel-linux-x86_64-debian-gcc 0.2.1 237.28 30.62 267.90 OK
r-devel-linux-x86_64-fedora-clang 0.2.1 391.42 NOTE
r-devel-linux-x86_64-fedora-gcc 0.2.1 310.92 OK
r-devel-windows-ix86+x86_64 0.2.1 488.00 86.00 574.00 OK
r-patched-linux-x86_64 0.2.1 308.98 38.40 347.38 OK
r-patched-solaris-x86 0.2.1 265.40 OK
r-release-linux-x86_64 0.2.1 305.87 34.92 340.79 OK
r-release-macos-x86_64 0.2.1 OK
r-release-windows-ix86+x86_64 0.2.1 495.00 65.00 560.00 OK
r-oldrel-macos-x86_64 0.2.1 OK
r-oldrel-windows-ix86+x86_64 0.2.1 387.00 77.00 464.00 OK

Check Details

Version: 0.2.1
Check: installed package size
Result: NOTE
     installed size is 7.4Mb
     sub-directories of 1Mb or more:
     libs 7.2Mb
Flavor: r-devel-linux-x86_64-fedora-clang