Last updated on 2023-02-09 02:53:27 CET.
Flavor | Version | Tinstall | Tcheck | Ttotal | Status | Flags |
---|---|---|---|---|---|---|
r-devel-linux-x86_64-debian-clang | 1.0.4 | 9.35 | 77.98 | 87.33 | NOTE | |
r-devel-linux-x86_64-debian-gcc | 1.0.4 | 7.24 | 57.76 | 65.00 | NOTE | |
r-devel-linux-x86_64-fedora-clang | 1.0.4 | 113.44 | NOTE | |||
r-devel-linux-x86_64-fedora-gcc | 1.0.4 | 104.22 | NOTE | |||
r-devel-windows-x86_64 | 1.0.4 | 30.00 | 122.00 | 152.00 | OK | |
r-patched-linux-x86_64 | 1.0.4 | 9.29 | 74.20 | 83.49 | NOTE | |
r-release-linux-x86_64 | 1.0.4 | 8.47 | 79.55 | 88.02 | NOTE | |
r-release-macos-arm64 | 1.0.4 | 36.00 | OK | |||
r-release-macos-x86_64 | 1.0.4 | 66.00 | OK | |||
r-release-windows-x86_64 | 1.0.4 | 38.00 | 116.00 | 154.00 | OK | |
r-oldrel-macos-arm64 | 1.0.4 | 43.00 | OK | |||
r-oldrel-macos-x86_64 | 1.0.4 | 69.00 | OK | |||
r-oldrel-windows-ix86+x86_64 | 1.0.4 | 19.00 | 105.00 | 124.00 | OK |
Version: 1.0.4
Check: for non-standard things in the check directory
Result: NOTE
Found the following files/directories:
‘test.csv’
Flavors: r-devel-linux-x86_64-debian-clang, r-devel-linux-x86_64-debian-gcc, r-devel-linux-x86_64-fedora-clang, r-devel-linux-x86_64-fedora-gcc, r-patched-linux-x86_64, r-release-linux-x86_64