CRAN Package Check Results for Package taylor

Last updated on 2022-07-03 02:51:16 CEST.

Flavor Version Tinstall Tcheck Ttotal Status Flags
r-devel-linux-x86_64-debian-clang 1.0.0 7.34 73.62 80.96 OK
r-devel-linux-x86_64-debian-gcc 1.0.0 5.48 54.88 60.36 OK
r-devel-linux-x86_64-fedora-clang 1.0.0 103.85 NOTE
r-devel-linux-x86_64-fedora-gcc 1.0.0 101.82 NOTE
r-devel-windows-x86_64 1.0.0 180.00 101.00 281.00 OK
r-patched-linux-x86_64 1.0.0 8.56 70.19 78.75 OK
r-release-linux-x86_64 1.0.0 6.60 69.81 76.41 OK
r-release-macos-arm64 1.0.0 29.00 NOTE
r-release-macos-x86_64 1.0.0 60.00 NOTE
r-release-windows-x86_64 1.0.0 124.00 98.00 222.00 OK
r-oldrel-macos-arm64 1.0.0 29.00 NOTE
r-oldrel-macos-x86_64 1.0.0 42.00 NOTE
r-oldrel-windows-ix86+x86_64 1.0.0 16.00 89.00 105.00 OK

Check Details

Version: 1.0.0
Check: data for non-ASCII characters
Result: NOTE
     Note: found 50 marked UTF-8 strings
Flavors: r-devel-linux-x86_64-fedora-clang, r-devel-linux-x86_64-fedora-gcc, r-release-macos-arm64, r-release-macos-x86_64, r-oldrel-macos-arm64, r-oldrel-macos-x86_64