CRAN Package Check Results for Package tcltk2

Last updated on 2021-09-21 02:49:28 CEST.

Flavor Version Tinstall Tcheck Ttotal Status Flags
r-devel-linux-x86_64-debian-clang 1.2-11 7.16 40.05 47.21 NOTE
r-devel-linux-x86_64-debian-gcc 1.2-11 4.40 31.95 36.35 NOTE
r-devel-linux-x86_64-fedora-clang 1.2-11 67.84 NOTE
r-devel-linux-x86_64-fedora-gcc 1.2-11 56.56 NOTE
r-devel-windows-x86_64 1.2-11 8.00 40.00 48.00 NOTE
r-devel-windows-x86_64-gcc10-UCRT 1.2-11 ERROR
r-patched-linux-x86_64 1.2-11 7.08 39.82 46.90 NOTE
r-patched-solaris-x86 1.2-11 80.50 NOTE
r-release-linux-x86_64 1.2-11 6.82 39.85 46.67 NOTE
r-release-macos-arm64 1.2-11 NOTE
r-release-macos-x86_64 1.2-11 NOTE
r-release-windows-ix86+x86_64 1.2-11 12.00 38.00 50.00 NOTE
r-oldrel-macos-x86_64 1.2-11 NOTE
r-oldrel-windows-ix86+x86_64 1.2-11 8.00 39.00 47.00 NOTE

Check Details

Version: 1.2-11
Check: DESCRIPTION meta-information
Result: NOTE
    Malformed Description field: should contain one or more complete sentences.
Flavors: r-devel-linux-x86_64-debian-clang, r-devel-linux-x86_64-debian-gcc, r-devel-linux-x86_64-fedora-clang, r-devel-linux-x86_64-fedora-gcc, r-devel-windows-x86_64, r-devel-windows-x86_64-gcc10-UCRT, r-patched-linux-x86_64, r-patched-solaris-x86, r-release-linux-x86_64, r-release-macos-arm64, r-release-macos-x86_64, r-release-windows-ix86+x86_64, r-oldrel-macos-x86_64, r-oldrel-windows-ix86+x86_64

Version: 1.2-11
Check: installed package size
Result: NOTE
     installed size is 5.2Mb
     sub-directories of 1Mb or more:
     tklibs 4.9Mb
Flavors: r-devel-linux-x86_64-fedora-clang, r-release-macos-arm64, r-release-macos-x86_64, r-oldrel-macos-x86_64

Version: 1.2-11
Check: whether package can be installed
Result: WARN
    Found the following significant warnings:
     WARNING: installation-time patches will not be applied, could not get the patches index
Flavor: r-devel-windows-x86_64-gcc10-UCRT

Version: 1.2-11
Check: PDF version of manual
Result: WARN
    LaTeX errors when creating PDF version.
    This typically indicates Rd problems.
Flavor: r-devel-windows-x86_64-gcc10-UCRT

Version: 1.2-11
Check: PDF version of manual without hyperrefs or index
Result: ERROR
    Re-running with no redirection of stdout/stderr.
Flavor: r-devel-windows-x86_64-gcc10-UCRT