Last updated on 2022-08-13 05:54:16 CEST.
Flavor | Version | Tinstall | Tcheck | Ttotal | Status | Flags |
---|---|---|---|---|---|---|
r-devel-linux-x86_64-debian-clang | 1.6-7 | 525.28 | 361.36 | 886.64 | OK | |
r-devel-linux-x86_64-debian-gcc | 1.6-7 | 496.80 | 261.17 | 757.97 | OK | |
r-devel-linux-x86_64-fedora-clang | 1.6-7 | 1191.69 | NOTE | |||
r-devel-linux-x86_64-fedora-gcc | 1.6-7 | 1243.87 | OK | |||
r-devel-windows-x86_64 | 1.6-7 | 624.00 | 915.00 | 1539.00 | NOTE | |
r-patched-linux-x86_64 | 1.6-7 | 513.90 | 346.33 | 860.23 | OK | |
r-release-linux-x86_64 | 1.6-7 | 510.45 | 343.52 | 853.97 | OK | |
r-release-macos-arm64 | 1.6-7 | 304.00 | NOTE | |||
r-release-macos-x86_64 | 1.6-7 | 51.00 | ERROR | |||
r-release-windows-x86_64 | 1.6-7 | 624.00 | 904.00 | 1528.00 | NOTE | |
r-oldrel-macos-arm64 | 1.6-7 | 281.00 | NOTE | |||
r-oldrel-macos-x86_64 | 1.6-7 | 44.00 | ERROR | |||
r-oldrel-windows-ix86+x86_64 | 1.6-7 | 1261.00 | 915.00 | 2176.00 | NOTE |
Version: 1.6-7
Check: installed package size
Result: NOTE
installed size is 8.1Mb
sub-directories of 1Mb or more:
R 1.9Mb
libs 5.1Mb
Flavors: r-devel-linux-x86_64-fedora-clang, r-devel-windows-x86_64, r-release-macos-arm64, r-release-windows-x86_64, r-oldrel-macos-arm64, r-oldrel-windows-ix86+x86_64
Version: 1.6-7
Check: whether package can be installed
Result: ERROR
Installation failed.
Flavors: r-release-macos-x86_64, r-oldrel-macos-x86_64