CRAN Package Check Results for Package tesseract

Last updated on 2020-06-01 02:48:20 CEST.

Flavor Version Tinstall Tcheck Ttotal Status Flags
r-devel-linux-x86_64-debian-clang 4.1 23.87 113.74 137.61 OK
r-devel-linux-x86_64-debian-gcc 4.1 17.84 143.94 161.78 OK
r-devel-linux-x86_64-fedora-clang 4.1 139.56 NOTE
r-devel-linux-x86_64-fedora-gcc 4.1 116.15 NOTE
r-devel-windows-ix86+x86_64 4.1 221.00 179.00 400.00 NOTE
r-patched-linux-x86_64 4.1 20.14 80.52 100.66 OK
r-release-linux-x86_64 4.1 19.73 92.16 111.89 OK
r-release-osx-x86_64 4.1 NOTE
r-release-windows-ix86+x86_64 4.1 74.00 235.00 309.00 NOTE
r-oldrel-osx-x86_64 4.1 NOTE
r-oldrel-windows-ix86+x86_64 4.1 114.00 169.00 283.00 NOTE

Additional issues

donttest valgrind

Check Details

Version: 4.1
Check: top-level files
Result: NOTE
     possible bashism in configure line 34 ($(OS|MACH)TYPE):
     case "$OSTYPE" in "darwin"*)
     possible bashism in configure line 42 (should be '.', not 'source'):
     source autobrew
Flavors: r-devel-linux-x86_64-fedora-clang, r-devel-linux-x86_64-fedora-gcc

Version: 4.1
Check: installed package size
Result: NOTE
     installed size is 29.1Mb
     sub-directories of 1Mb or more:
     doc 1.0Mb
     libs 13.9Mb
     tessdata 14.0Mb
Flavors: r-devel-windows-ix86+x86_64, r-release-osx-x86_64, r-release-windows-ix86+x86_64, r-oldrel-osx-x86_64, r-oldrel-windows-ix86+x86_64