CRAN Package Check Results for Package text

Last updated on 2022-08-10 04:54:14 CEST.

Flavor Version Tinstall Tcheck Ttotal Status Flags
r-devel-linux-x86_64-debian-clang 0.9.90 21.80 210.95 232.75 OK
r-devel-linux-x86_64-debian-gcc 0.9.90 16.89 155.91 172.80 OK
r-devel-linux-x86_64-fedora-clang 0.9.90 283.00 NOTE
r-devel-linux-x86_64-fedora-gcc 0.9.90 294.18 NOTE
r-devel-windows-x86_64 0.9.90 39.00 252.00 291.00 OK
r-patched-linux-x86_64 0.9.90 17.26 195.47 212.73 OK
r-release-linux-x86_64 0.9.90 OK
r-release-macos-arm64 0.9.90 90.00 NOTE
r-release-macos-x86_64 0.9.90 124.00 NOTE
r-release-windows-x86_64 0.9.90 53.00 264.00 317.00 OK
r-oldrel-macos-arm64 0.9.90 91.00 NOTE
r-oldrel-macos-x86_64 0.9.90 124.00 NOTE
r-oldrel-windows-ix86+x86_64 0.9.90 46.00 229.00 275.00 WARN

Check Details

Version: 0.9.90
Check: data for non-ASCII characters
Result: NOTE
     Note: found 3 marked UTF-8 strings
Flavors: r-devel-linux-x86_64-fedora-clang, r-devel-linux-x86_64-fedora-gcc, r-release-macos-arm64, r-release-macos-x86_64, r-oldrel-macos-arm64, r-oldrel-macos-x86_64

Version: 0.9.90
Check: re-building of vignette outputs
Result: WARN
    Error(s) in re-building vignettes:
    --- re-building 'Computer_Capacity.Rmd' using rmarkdown
    Error: processing vignette 'Computer_Capacity.Rmd' failed with diagnostics:
    only `math_method = 'mathjax'` is supported with earlier version than Pandoc 2.0
    --- failed re-building 'Computer_Capacity.Rmd'
    
    --- re-building 'Extended_Installation_Guide.Rmd' using rmarkdown
    --- finished re-building 'Extended_Installation_Guide.Rmd'
    
    --- re-building 'Pre-registration.Rmd' using rmarkdown
    Error: processing vignette 'Pre-registration.Rmd' failed with diagnostics:
    only `math_method = 'mathjax'` is supported with earlier version than Pandoc 2.0
    --- failed re-building 'Pre-registration.Rmd'
    
    --- re-building 'Removing_Cache_Files.Rmd' using rmarkdown
    Error: processing vignette 'Removing_Cache_Files.Rmd' failed with diagnostics:
    only `math_method = 'mathjax'` is supported with earlier version than Pandoc 2.0
    --- failed re-building 'Removing_Cache_Files.Rmd'
    
    --- re-building 'Word_embeddings.Rmd' using rmarkdown
    Error: processing vignette 'Word_embeddings.Rmd' failed with diagnostics:
    only `math_method = 'mathjax'` is supported with earlier version than Pandoc 2.0
    --- failed re-building 'Word_embeddings.Rmd'
    
    --- re-building 'singularity_container.Rmd' using rmarkdown
    Error: processing vignette 'singularity_container.Rmd' failed with diagnostics:
    only `math_method = 'mathjax'` is supported with earlier version than Pandoc 2.0
    --- failed re-building 'singularity_container.Rmd'
    
    --- re-building 'text.Rmd' using rmarkdown
    Error: processing vignette 'text.Rmd' failed with diagnostics:
    only `math_method = 'mathjax'` is supported with earlier version than Pandoc 2.0
    --- failed re-building 'text.Rmd'
    
    SUMMARY: processing the following files failed:
     'Computer_Capacity.Rmd' 'Pre-registration.Rmd'
     'Removing_Cache_Files.Rmd' 'Word_embeddings.Rmd'
     'singularity_container.Rmd' 'text.Rmd'
    
    Error: Vignette re-building failed.
    Execution halted
Flavor: r-oldrel-windows-ix86+x86_64