CRAN Package Check Results for Package text2vec

Last updated on 2020-06-04 02:48:16 CEST.

Flavor Version Tinstall Tcheck Ttotal Status Flags
r-devel-linux-x86_64-debian-clang 0.6 68.37 290.75 359.12 OK
r-devel-linux-x86_64-debian-gcc 0.6 53.44 219.63 273.07 OK
r-devel-linux-x86_64-fedora-clang 0.6 448.21 NOTE
r-devel-linux-x86_64-fedora-gcc 0.6 412.45 OK
r-devel-windows-ix86+x86_64 0.6 158.00 573.00 731.00 NOTE
r-patched-linux-x86_64 0.6 58.69 271.97 330.66 OK
r-patched-solaris-x86 0.6 935.40 NOTE
r-release-linux-x86_64 0.6 60.93 265.62 326.55 OK
r-release-osx-x86_64 0.6 NOTE
r-release-windows-ix86+x86_64 0.6 116.00 574.00 690.00 NOTE
r-oldrel-osx-x86_64 0.6 NOTE
r-oldrel-windows-ix86+x86_64 0.6 167.00 487.00 654.00 NOTE

Check Details

Version: 0.6
Check: installed package size
Result: NOTE
     installed size is 11.3Mb
     sub-directories of 1Mb or more:
     data 2.7Mb
     doc 2.9Mb
     libs 5.2Mb
Flavors: r-devel-linux-x86_64-fedora-clang, r-devel-windows-ix86+x86_64, r-patched-solaris-x86, r-release-osx-x86_64, r-release-windows-ix86+x86_64, r-oldrel-osx-x86_64, r-oldrel-windows-ix86+x86_64