CRAN Package Check Results for Package textcat

Last updated on 2020-05-28 02:47:51 CEST.

Flavor Version Tinstall Tcheck Ttotal Status Flags
r-devel-linux-x86_64-debian-clang 1.0-6 2.87 21.57 24.44 OK
r-devel-linux-x86_64-debian-gcc 1.0-6 2.28 17.25 19.53 OK
r-devel-linux-x86_64-fedora-clang 1.0-6 30.80 NOTE
r-devel-linux-x86_64-fedora-gcc 1.0-6 29.36 NOTE
r-devel-windows-ix86+x86_64 1.0-6 8.00 48.00 56.00 OK
r-patched-linux-x86_64 1.0-6 2.40 21.32 23.72 OK
r-patched-solaris-x86 1.0-6 45.30 NOTE
r-release-linux-x86_64 1.0-6 2.44 21.39 23.83 OK
r-release-osx-x86_64 1.0-6 NOTE
r-release-windows-ix86+x86_64 1.0-6 6.00 52.00 58.00 OK
r-oldrel-osx-x86_64 1.0-6 NOTE
r-oldrel-windows-ix86+x86_64 1.0-6 11.00 34.00 45.00 OK

Check Details

Version: 1.0-6
Check: data for non-ASCII characters
Result: NOTE
     Note: found 10051 marked UTF-8 strings
     Note: found 10523 strings marked as "bytes"
Flavors: r-devel-linux-x86_64-fedora-clang, r-devel-linux-x86_64-fedora-gcc, r-patched-solaris-x86, r-release-osx-x86_64, r-oldrel-osx-x86_64