CRAN Package Check Results for Package textreuse

Last updated on 2020-06-04 02:48:16 CEST.

Flavor Version Tinstall Tcheck Ttotal Status Flags
r-devel-linux-x86_64-debian-clang 0.1.5 43.54 55.13 98.67 OK
r-devel-linux-x86_64-debian-gcc 0.1.5 29.95 43.87 73.82 OK
r-devel-linux-x86_64-fedora-clang 0.1.5 146.24 OK
r-devel-linux-x86_64-fedora-gcc 0.1.5 119.79 OK
r-devel-windows-ix86+x86_64 0.1.5 121.00 133.00 254.00 NOTE
r-patched-linux-x86_64 0.1.5 31.82 54.96 86.78 OK
r-patched-solaris-x86 0.1.5 142.60 OK
r-release-linux-x86_64 0.1.5 29.94 54.45 84.39 OK
r-release-osx-x86_64 0.1.5 OK
r-release-windows-ix86+x86_64 0.1.5 93.00 94.00 187.00 NOTE
r-oldrel-osx-x86_64 0.1.5 OK
r-oldrel-windows-ix86+x86_64 0.1.5 111.00 105.00 216.00 OK

Check Details

Version: 0.1.5
Check: installed package size
Result: NOTE
     installed size is 5.3Mb
     sub-directories of 1Mb or more:
     extdata 2.9Mb
     libs 2.1Mb
Flavors: r-devel-windows-ix86+x86_64, r-release-windows-ix86+x86_64