CRAN Package Check Results for Package tfaddons

Last updated on 2022-10-02 02:49:24 CEST.

Flavor Version Tinstall Tcheck Ttotal Status Flags
r-devel-linux-x86_64-debian-clang 0.10.0 10.51 103.18 113.69 NOTE
r-devel-linux-x86_64-debian-gcc 0.10.0 9.77 79.53 89.30 NOTE
r-devel-linux-x86_64-fedora-clang 0.10.0 165.68 NOTE
r-devel-linux-x86_64-fedora-gcc 0.10.0 151.11 NOTE
r-devel-windows-x86_64 0.10.0 61.00 169.00 230.00 NOTE
r-patched-linux-x86_64 0.10.0 11.99 96.65 108.64 NOTE
r-release-linux-x86_64 0.10.0 9.34 95.69 105.03 NOTE
r-release-macos-arm64 0.10.0 39.00 NOTE
r-release-macos-x86_64 0.10.0 81.00 NOTE
r-release-windows-x86_64 0.10.0 67.00 210.00 277.00 NOTE
r-oldrel-macos-arm64 0.10.0 45.00 NOTE
r-oldrel-macos-x86_64 0.10.0 87.00 NOTE
r-oldrel-windows-ix86+x86_64 0.10.0 25.00 133.00 158.00 NOTE

Check Details

Version: 0.10.0
Check: LazyData
Result: NOTE
     'LazyData' is specified without a 'data' directory
Flavors: r-devel-linux-x86_64-debian-clang, r-devel-linux-x86_64-debian-gcc, r-devel-linux-x86_64-fedora-clang, r-devel-linux-x86_64-fedora-gcc, r-devel-windows-x86_64, r-patched-linux-x86_64, r-release-linux-x86_64, r-release-macos-arm64, r-release-macos-x86_64, r-release-windows-x86_64, r-oldrel-macos-arm64, r-oldrel-macos-x86_64, r-oldrel-windows-ix86+x86_64