CRAN Package Check Results for Package tfse

Last updated on 2022-12-10 02:49:41 CET.

Flavor Version Tinstall Tcheck Ttotal Status Flags
r-devel-linux-x86_64-debian-clang 0.5.0 4.24 36.64 40.88 NOTE
r-devel-linux-x86_64-debian-gcc 0.5.0 2.74 29.03 31.77 NOTE
r-devel-linux-x86_64-fedora-clang 0.5.0 58.73 NOTE
r-devel-linux-x86_64-fedora-gcc 0.5.0 66.43 NOTE
r-devel-windows-x86_64 0.5.0 35.00 79.00 114.00 NOTE
r-patched-linux-x86_64 0.5.0 4.38 32.96 37.34 NOTE
r-release-linux-x86_64 0.5.0 3.73 31.20 34.93 NOTE
r-release-macos-arm64 0.5.0 22.00 NOTE
r-release-macos-x86_64 0.5.0 32.00 NOTE
r-release-windows-x86_64 0.5.0 39.00 62.00 101.00 NOTE
r-oldrel-macos-arm64 0.5.0 27.00 NOTE
r-oldrel-macos-x86_64 0.5.0 60.00 NOTE
r-oldrel-windows-ix86+x86_64 0.5.0 8.00 59.00 67.00 NOTE

Check Details

Version: 0.5.0
Check: LazyData
Result: NOTE
     'LazyData' is specified without a 'data' directory
Flavors: r-devel-linux-x86_64-debian-clang, r-devel-linux-x86_64-debian-gcc, r-devel-linux-x86_64-fedora-clang, r-devel-linux-x86_64-fedora-gcc, r-devel-windows-x86_64, r-patched-linux-x86_64, r-release-linux-x86_64, r-release-macos-arm64, r-release-macos-x86_64, r-release-windows-x86_64, r-oldrel-macos-arm64, r-oldrel-macos-x86_64, r-oldrel-windows-ix86+x86_64