CRAN Package Check Results for Package thor

Last updated on 2022-11-28 01:51:48 CET.

Flavor Version Tinstall Tcheck Ttotal Status Flags
r-devel-linux-x86_64-debian-clang 1.1.2 9.17 43.33 52.50 WARN
r-devel-linux-x86_64-debian-gcc 1.1.2 9.31 33.01 42.32 WARN
r-devel-linux-x86_64-fedora-clang 1.1.2 78.13 WARN
r-devel-linux-x86_64-fedora-gcc 1.1.2 78.10 WARN
r-devel-windows-x86_64 1.1.2 34.00 80.00 114.00 WARN
r-patched-linux-x86_64 1.1.2 11.61 38.94 50.55 NOTE
r-release-linux-x86_64 1.1.2 8.64 38.83 47.47 NOTE
r-release-macos-arm64 1.1.2 25.00 NOTE
r-release-macos-x86_64 1.1.2 33.00 NOTE
r-release-windows-x86_64 1.1.2 28.00 79.00 107.00 WARN
r-oldrel-macos-arm64 1.1.2 28.00 NOTE
r-oldrel-macos-x86_64 1.1.2 44.00 NOTE
r-oldrel-windows-ix86+x86_64 1.1.2 31.00 146.00 177.00 NOTE

Check Details

Version: 1.1.2
Check: whether package can be installed
Result: WARN
    Found the following significant warnings:
     ./thor.h:18:15: warning: a function declaration without a prototype is deprecated in all versions of C [-Wstrict-prototypes]
     ./thor.h:21:19: warning: a function declaration without a prototype is deprecated in all versions of C [-Wstrict-prototypes]
     ./thor.h:23:22: warning: a function declaration without a prototype is deprecated in all versions of C [-Wstrict-prototypes]
     ./thor.h:106:21: warning: a function declaration without a prototype is deprecated in all versions of C [-Wstrict-prototypes]
     thor.c:9:15: warning: a function declaration without a prototype is deprecated in all versions of C [-Wstrict-prototypes]
     thor.c:23:19: warning: a function declaration without a prototype is deprecated in all versions of C [-Wstrict-prototypes]
     thor.c:35:22: warning: a function declaration without a prototype is deprecated in all versions of C [-Wstrict-prototypes]
     thor.c:748:21: warning: a function declaration without a prototype is deprecated in all versions of C [-Wstrict-prototypes]
Flavors: r-devel-linux-x86_64-debian-clang, r-devel-linux-x86_64-fedora-clang

Version: 1.1.2
Check: LazyData
Result: NOTE
     'LazyData' is specified without a 'data' directory
Flavors: r-devel-linux-x86_64-debian-clang, r-devel-linux-x86_64-debian-gcc, r-devel-linux-x86_64-fedora-clang, r-devel-linux-x86_64-fedora-gcc, r-devel-windows-x86_64, r-patched-linux-x86_64, r-release-linux-x86_64, r-release-macos-arm64, r-release-macos-x86_64, r-release-windows-x86_64, r-oldrel-macos-arm64, r-oldrel-macos-x86_64, r-oldrel-windows-ix86+x86_64

Version: 1.1.2
Check: whether package can be installed
Result: WARN
    Found the following significant warnings:
     thor.h:18:1: warning: function declaration isn’t a prototype [-Wstrict-prototypes]
     thor.h:21:1: warning: function declaration isn’t a prototype [-Wstrict-prototypes]
     thor.h:23:1: warning: function declaration isn’t a prototype [-Wstrict-prototypes]
     thor.h:106:1: warning: function declaration isn’t a prototype [-Wstrict-prototypes]
     thor.c:9:6: warning: function declaration isn’t a prototype [-Wstrict-prototypes]
     thor.c:23:6: warning: function declaration isn’t a prototype [-Wstrict-prototypes]
     thor.c:35:6: warning: function declaration isn’t a prototype [-Wstrict-prototypes]
     thor.c:748:6: warning: function declaration isn’t a prototype [-Wstrict-prototypes]
Flavors: r-devel-linux-x86_64-debian-gcc, r-devel-linux-x86_64-fedora-gcc

Version: 1.1.2
Check: whether package can be installed
Result: WARN
    Found the following significant warnings:
     lmdb/mdb.c:10787:5: warning: 'I' flag used with '%x' gnu_printf format [-Wformat=]
     lmdb/mdb.c:10787:5: warning: format '%x' expects argument of type 'unsigned int', but argument 4 has type 'long long unsigned int' [-Wformat=]
     lmdb/mdb.c:10787:24: warning: 'I' flag used with '%x' gnu_printf format [-Wformat=]
     lmdb/mdb.c:10787:24: warning: format '%x' expects argument of type 'unsigned int', but argument 4 has type 'long long unsigned int' [-Wformat=]
     lmdb/mdb.c:10787:24: warning: ISO C does not support the 'I' printf flag [-Wformat=]
     lmdb/mdb.c:10787:24: warning: format '%u' expects argument of type 'unsigned int', but argument 5 has type 'txnid_t' {aka 'long long unsigned int'} [-Wformat=]
Flavor: r-devel-windows-x86_64

Version: 1.1.2
Check: whether package can be installed
Result: WARN
    Found the following significant warnings:
     lmdb/mdb.c:10787:24: warning: ISO C does not support the 'I' printf flag [-Wformat=]
Flavor: r-release-windows-x86_64