Last updated on 2022-08-11 03:52:21 CEST.
Flavor | Version | Tinstall | Tcheck | Ttotal | Status | Flags |
---|---|---|---|---|---|---|
r-devel-linux-x86_64-debian-clang | 1.0.0 | 18.59 | 162.84 | 181.43 | OK | |
r-devel-linux-x86_64-debian-gcc | 1.0.0 | 15.28 | 122.96 | 138.24 | OK | |
r-devel-linux-x86_64-fedora-clang | 1.0.0 | 230.59 | NOTE | |||
r-devel-linux-x86_64-fedora-gcc | 1.0.0 | 233.83 | NOTE | |||
r-devel-windows-x86_64 | 1.0.0 | 32.00 | 178.00 | 210.00 | OK | |
r-patched-linux-x86_64 | 1.0.0 | 15.06 | 157.36 | 172.42 | OK | |
r-release-linux-x86_64 | 1.0.0 | OK | ||||
r-release-macos-arm64 | 1.0.0 | 58.00 | NOTE | |||
r-release-macos-x86_64 | 1.0.0 | 84.00 | NOTE | |||
r-release-windows-x86_64 | 1.0.0 | 34.00 | 187.00 | 221.00 | OK | |
r-oldrel-macos-arm64 | 1.0.0 | 57.00 | NOTE | |||
r-oldrel-macos-x86_64 | 1.0.0 | 83.00 | NOTE | |||
r-oldrel-windows-ix86+x86_64 | 1.0.0 | 39.00 | 175.00 | 214.00 | OK |
Version: 1.0.0
Check: package dependencies
Result: NOTE
Imports includes 21 non-default packages.
Importing from so many packages makes the package vulnerable to any of
them becoming unavailable. Move as many as possible to Suggests and
use conditionally.
Flavor: r-devel-linux-x86_64-fedora-clang
Version: 1.0.0
Check: dependencies in R code
Result: NOTE
Namespace in Imports field not imported from: ‘modeldata’
All declared Imports should be used.
Flavors: r-devel-linux-x86_64-fedora-clang, r-devel-linux-x86_64-fedora-gcc, r-release-macos-arm64, r-release-macos-x86_64, r-oldrel-macos-arm64, r-oldrel-macos-x86_64