CRAN Package Check Results for Package tidymodels

Last updated on 2020-11-25 02:49:18 CET.

Flavor Version Tinstall Tcheck Ttotal Status Flags
r-devel-linux-x86_64-debian-clang 0.1.2 14.78 135.15 149.93 OK
r-devel-linux-x86_64-debian-gcc 0.1.2 13.67 105.24 118.91 OK
r-devel-linux-x86_64-fedora-clang 0.1.2 184.14 NOTE
r-devel-linux-x86_64-fedora-gcc 0.1.2 173.65 NOTE
r-devel-windows-ix86+x86_64 0.1.1 36.00 155.00 191.00 OK
r-patched-linux-x86_64 0.1.2 13.63 131.56 145.19 OK
r-patched-solaris-x86 0.1.2 249.60 NOTE
r-release-linux-x86_64 0.1.1 13.64 125.19 138.83 OK
r-release-macos-x86_64 0.1.2 NOTE
r-release-windows-ix86+x86_64 0.1.1 40.00 165.00 205.00 OK
r-oldrel-macos-x86_64 0.1.2 NOTE
r-oldrel-windows-ix86+x86_64 0.1.2 30.00 148.00 178.00 OK

Check Details

Version: 0.1.2
Check: dependencies in R code
Result: NOTE
    Namespace in Imports field not imported from: ‘modeldata’
     All declared Imports should be used.
Flavors: r-devel-linux-x86_64-fedora-clang, r-devel-linux-x86_64-fedora-gcc, r-patched-solaris-x86, r-release-macos-x86_64, r-oldrel-macos-x86_64