CRAN Package Check Results for Package tidyr

Last updated on 2020-10-22 02:49:52 CEST.

Flavor Version Tinstall Tcheck Ttotal Status Flags
r-devel-linux-x86_64-debian-clang 1.1.2 15.48 94.86 110.34 OK
r-devel-linux-x86_64-debian-gcc 1.1.2 12.06 69.99 82.05 OK
r-devel-linux-x86_64-fedora-clang 1.1.2 136.68 NOTE
r-devel-linux-x86_64-fedora-gcc 1.1.2 126.96 NOTE
r-devel-windows-ix86+x86_64 1.1.2 35.00 145.00 180.00 OK
r-patched-linux-x86_64 1.1.2 15.05 88.95 104.00 OK
r-patched-solaris-x86 1.1.2 158.20 NOTE
r-release-linux-x86_64 1.1.2 13.51 88.60 102.11 OK
r-release-macos-x86_64 1.1.2 NOTE
r-release-windows-ix86+x86_64 1.1.2 30.00 111.00 141.00 OK
r-oldrel-macos-x86_64 1.1.2 NOTE
r-oldrel-windows-ix86+x86_64 1.1.2 36.00 155.00 191.00 OK

Check Details

Version: 1.1.2
Check: data for non-ASCII characters
Result: NOTE
     Note: found 24 marked UTF-8 strings
Flavors: r-devel-linux-x86_64-fedora-clang, r-devel-linux-x86_64-fedora-gcc, r-patched-solaris-x86, r-release-macos-x86_64, r-oldrel-macos-x86_64