CRAN Package Check Results for Package tidyrules

Last updated on 2022-10-07 03:56:10 CEST.

Flavor Version Tinstall Tcheck Ttotal Status Flags
r-devel-linux-x86_64-debian-clang 0.1.5 7.08 90.50 97.58 NOTE
r-devel-linux-x86_64-debian-gcc 0.1.5 5.45 67.99 73.44 NOTE
r-devel-linux-x86_64-fedora-clang 0.1.5 134.35 NOTE
r-devel-linux-x86_64-fedora-gcc 0.1.5 125.84 NOTE
r-devel-windows-x86_64 0.1.5 22.00 124.00 146.00 NOTE
r-patched-linux-x86_64 0.1.5 6.97 83.94 90.91 NOTE
r-release-linux-x86_64 0.1.5 6.37 84.54 90.91 NOTE
r-release-macos-arm64 0.1.5 35.00 NOTE
r-release-macos-x86_64 0.1.5 52.00 NOTE
r-release-windows-x86_64 0.1.5 10.00 121.00 131.00 NOTE
r-oldrel-macos-arm64 0.1.5 46.00 NOTE
r-oldrel-macos-x86_64 0.1.5 65.00 NOTE
r-oldrel-windows-ix86+x86_64 0.1.5 14.00 114.00 128.00 NOTE

Check Details

Version: 0.1.5
Check: LazyData
Result: NOTE
     'LazyData' is specified without a 'data' directory
Flavors: r-devel-linux-x86_64-debian-clang, r-devel-linux-x86_64-debian-gcc, r-devel-linux-x86_64-fedora-clang, r-devel-linux-x86_64-fedora-gcc, r-devel-windows-x86_64, r-patched-linux-x86_64, r-release-linux-x86_64, r-release-macos-arm64, r-release-macos-x86_64, r-release-windows-x86_64, r-oldrel-macos-arm64, r-oldrel-macos-x86_64, r-oldrel-windows-ix86+x86_64