CRAN Package Check Results for Package tikzDevice

Last updated on 2020-07-14 02:49:04 CEST.

Flavor Version Tinstall Tcheck Ttotal Status Flags
r-devel-linux-x86_64-debian-clang 0.12.3.1 4.32 116.46 120.78 OK
r-devel-linux-x86_64-debian-gcc 0.12.3.1 3.47 94.64 98.11 OK
r-devel-linux-x86_64-fedora-clang 0.12.3.1 157.56 OK
r-devel-linux-x86_64-fedora-gcc 0.12.3.1 150.48 OK
r-devel-windows-ix86+x86_64 0.12.3.1 18.00 228.00 246.00 OK
r-patched-linux-x86_64 0.12.3.1 4.24 114.36 118.60 OK
r-patched-solaris-x86 0.12.3.1 183.00 OK
r-release-linux-x86_64 0.12.3.1 4.24 116.70 120.94 OK
r-release-macos-x86_64 0.12.3.1 ERROR
r-release-windows-ix86+x86_64 0.12.3.1 17.00 165.00 182.00 OK
r-oldrel-macos-x86_64 0.12.3.1 OK
r-oldrel-windows-ix86+x86_64 0.12.3.1 31.00 226.00 257.00 OK

Check Details

Version: 0.12.3.1
Check: whether package can be installed
Result: ERROR
    Installation failed.
Flavor: r-release-macos-x86_64