CRAN Package Check Results for Package tilegramsR

Last updated on 2020-11-25 02:49:18 CET.

Flavor Version Tinstall Tcheck Ttotal Status Flags
r-devel-linux-x86_64-debian-clang 0.2.0 5.40 61.22 66.62 OK
r-devel-linux-x86_64-debian-gcc 0.2.0 4.60 49.68 54.28 OK
r-devel-linux-x86_64-fedora-clang 0.2.0 83.06 NOTE
r-devel-linux-x86_64-fedora-gcc 0.2.0 72.68 NOTE
r-devel-windows-ix86+x86_64 0.2.0 15.00 74.00 89.00 OK
r-patched-linux-x86_64 0.2.0 5.66 59.94 65.60 OK
r-patched-solaris-x86 0.2.0 106.70 NOTE
r-release-linux-x86_64 0.2.0 5.92 55.37 61.29 OK
r-release-macos-x86_64 0.2.0 NOTE
r-release-windows-ix86+x86_64 0.2.0 16.00 62.00 78.00 OK
r-oldrel-macos-x86_64 0.2.0 NOTE
r-oldrel-windows-ix86+x86_64 0.2.0 9.00 70.00 79.00 OK

Check Details

Version: 0.2.0
Check: dependencies in R code
Result: NOTE
    Namespace in Imports field not imported from: ‘sp’
     All declared Imports should be used.
Flavors: r-devel-linux-x86_64-fedora-clang, r-devel-linux-x86_64-fedora-gcc, r-patched-solaris-x86, r-release-macos-x86_64, r-oldrel-macos-x86_64

Version: 0.2.0
Check: data for non-ASCII characters
Result: NOTE
     Note: found 341 marked UTF-8 strings
Flavors: r-devel-linux-x86_64-fedora-clang, r-devel-linux-x86_64-fedora-gcc, r-patched-solaris-x86, r-release-macos-x86_64, r-oldrel-macos-x86_64