CRAN Package Check Results for Package tm.plugin.webmining

Last updated on 2020-06-02 02:52:03 CEST.

Flavor Version Tinstall Tcheck Ttotal Status Flags
r-devel-linux-x86_64-debian-clang 1.3 6.38 63.73 70.11 NOTE
r-devel-linux-x86_64-debian-gcc 1.3 5.64 49.49 55.13 NOTE
r-devel-linux-x86_64-fedora-clang 1.3 96.89 NOTE
r-devel-linux-x86_64-fedora-gcc 1.3 89.16 NOTE
r-devel-windows-ix86+x86_64 1.3 22.00 129.00 151.00 NOTE
r-patched-linux-x86_64 1.3 6.43 64.35 70.78 NOTE
r-patched-solaris-x86 1.3 128.00 NOTE
r-release-linux-x86_64 1.3 6.76 64.10 70.86 NOTE
r-release-osx-x86_64 1.3 NOTE
r-release-windows-ix86+x86_64 1.3 15.00 109.00 124.00 NOTE
r-oldrel-osx-x86_64 1.3 NOTE
r-oldrel-windows-ix86+x86_64 1.3 15.00 77.00 92.00 NOTE

Check Details

Version: 1.3
Check: R code for possible problems
Result: NOTE
    extractContentDOM: no visible global function definition for
     'capture.output'
    extractHTMLStrip: no visible global function definition for
     'capture.output'
    Undefined global functions or variables:
     capture.output
    Consider adding
     importFrom("utils", "capture.output")
    to your NAMESPACE file.
Flavors: r-devel-linux-x86_64-debian-clang, r-devel-linux-x86_64-debian-gcc, r-devel-linux-x86_64-fedora-clang, r-devel-linux-x86_64-fedora-gcc, r-devel-windows-ix86+x86_64, r-patched-linux-x86_64, r-patched-solaris-x86, r-release-linux-x86_64, r-release-osx-x86_64, r-release-windows-ix86+x86_64, r-oldrel-osx-x86_64, r-oldrel-windows-ix86+x86_64