CRAN Package Check Results for Package tokenizers.bpe

Last updated on 2020-05-29 02:47:09 CEST.

Flavor Version Tinstall Tcheck Ttotal Status Flags
r-devel-linux-x86_64-debian-clang 0.1.0 122.24 26.06 148.30 OK
r-devel-linux-x86_64-debian-gcc 0.1.0 96.64 20.80 117.44 OK
r-devel-linux-x86_64-fedora-clang 0.1.0 230.75 NOTE
r-devel-linux-x86_64-fedora-gcc 0.1.0 200.56 OK
r-devel-windows-ix86+x86_64 0.1.0 294.00 108.00 402.00 OK
r-patched-linux-x86_64 0.1.0 105.90 25.78 131.68 OK
r-patched-solaris-x86 0.1.0 165.70 OK
r-release-linux-x86_64 0.1.0 100.32 25.96 126.28 OK
r-release-osx-x86_64 0.1.0 NOTE
r-release-windows-ix86+x86_64 0.1.0 239.00 95.00 334.00 OK
r-oldrel-osx-x86_64 0.1.0 NOTE
r-oldrel-windows-ix86+x86_64 0.1.0 281.00 69.00 350.00 OK

Check Details

Version: 0.1.0
Check: installed package size
Result: NOTE
     installed size is 6.7Mb
     sub-directories of 1Mb or more:
     libs 5.6Mb
Flavors: r-devel-linux-x86_64-fedora-clang, r-release-osx-x86_64, r-oldrel-osx-x86_64