CRAN Package Check Results for Package tokenizers.bpe

Last updated on 2022-10-03 03:55:17 CEST.

Flavor Version Tinstall Tcheck Ttotal Status Flags
r-devel-linux-x86_64-debian-clang 0.1.0 120.95 31.22 152.17 OK
r-devel-linux-x86_64-debian-gcc 0.1.0 96.19 24.40 120.59 OK
r-devel-linux-x86_64-fedora-clang 0.1.0 247.73 OK
r-devel-linux-x86_64-fedora-gcc 0.1.0 233.51 OK
r-devel-windows-x86_64 0.1.0 94.00 91.00 185.00 OK
r-patched-linux-x86_64 0.1.0 106.07 30.16 136.23 OK
r-release-linux-x86_64 0.1.0 105.60 29.95 135.55 OK
r-release-macos-arm64 0.1.0 52.00 NOTE
r-release-macos-x86_64 0.1.0 73.00 NOTE
r-release-windows-x86_64 0.1.0 99.00 82.00 181.00 OK
r-oldrel-macos-arm64 0.1.0 56.00 NOTE
r-oldrel-macos-x86_64 0.1.0 101.00 NOTE
r-oldrel-windows-ix86+x86_64 0.1.0 280.00 85.00 365.00 OK

Check Details

Version: 0.1.0
Check: installed package size
Result: NOTE
     installed size is 6.2Mb
     sub-directories of 1Mb or more:
     libs 5.2Mb
Flavors: r-release-macos-arm64, r-release-macos-x86_64, r-oldrel-macos-arm64, r-oldrel-macos-x86_64