CRAN Package Check Results for Package tokenizers

Last updated on 2020-06-04 02:48:17 CEST.

Flavor Version Tinstall Tcheck Ttotal Status Flags
r-devel-linux-x86_64-debian-clang 0.2.1 28.25 39.20 67.45 OK
r-devel-linux-x86_64-debian-gcc 0.2.1 21.72 30.99 52.71 OK
r-devel-linux-x86_64-fedora-clang 0.2.1 106.20 NOTE
r-devel-linux-x86_64-fedora-gcc 0.2.1 84.88 NOTE
r-devel-windows-ix86+x86_64 0.2.1 78.00 112.00 190.00 OK
r-patched-linux-x86_64 0.2.1 24.12 39.23 63.35 OK
r-patched-solaris-x86 0.2.1 102.50 NOTE
r-release-linux-x86_64 0.2.1 23.21 39.64 62.85 OK
r-release-osx-x86_64 0.2.1 NOTE
r-release-windows-ix86+x86_64 0.2.1 60.00 105.00 165.00 OK
r-oldrel-osx-x86_64 0.2.1 NOTE
r-oldrel-windows-ix86+x86_64 0.2.1 75.00 80.00 155.00 OK

Check Details

Version: 0.2.1
Check: data for non-ASCII characters
Result: NOTE
     Note: found 1 marked UTF-8 string
Flavors: r-devel-linux-x86_64-fedora-clang, r-devel-linux-x86_64-fedora-gcc, r-patched-solaris-x86, r-release-osx-x86_64, r-oldrel-osx-x86_64