CRAN Package Check Results for Package topicmodels

Last updated on 2020-05-27 02:47:29 CEST.

Flavor Version Tinstall Tcheck Ttotal Status Flags
r-devel-linux-x86_64-debian-clang 0.2-11 12.60 115.49 128.09 NOTE
r-devel-linux-x86_64-debian-gcc 0.2-11 10.46 86.37 96.83 NOTE
r-devel-linux-x86_64-fedora-clang 0.2-11 161.64 NOTE
r-devel-linux-x86_64-fedora-gcc 0.2-11 164.26 NOTE
r-devel-windows-ix86+x86_64 0.2-11 50.00 258.00 308.00 NOTE
r-patched-linux-x86_64 0.2-11 12.09 115.04 127.13 NOTE
r-patched-solaris-x86 0.2-11 316.60 NOTE
r-release-linux-x86_64 0.2-11 12.04 113.69 125.73 NOTE
r-release-osx-x86_64 0.2-11 NOTE
r-release-windows-ix86+x86_64 0.2-11 37.00 230.00 267.00 NOTE
r-oldrel-osx-x86_64 0.2-11 NOTE
r-oldrel-windows-ix86+x86_64 0.2-11 55.00 202.00 257.00 NOTE

Check Details

Version: 0.2-11
Check: package dependencies
Result: NOTE
    Package suggested but not available for checking: 'corpus.JSS.papers'
Flavors: r-devel-linux-x86_64-debian-clang, r-devel-linux-x86_64-debian-gcc, r-devel-linux-x86_64-fedora-clang, r-devel-linux-x86_64-fedora-gcc, r-devel-windows-ix86+x86_64, r-patched-linux-x86_64, r-patched-solaris-x86, r-release-linux-x86_64, r-release-osx-x86_64, r-release-windows-ix86+x86_64, r-oldrel-osx-x86_64, r-oldrel-windows-ix86+x86_64