CRAN Package Check Results for Package tosca

Last updated on 2022-09-29 02:49:55 CEST.

Flavor Version Tinstall Tcheck Ttotal Status Flags
r-devel-linux-x86_64-debian-clang 0.3-2 12.80 109.82 122.62 NOTE
r-devel-linux-x86_64-debian-gcc 0.3-2 7.50 79.80 87.30 NOTE
r-devel-linux-x86_64-fedora-clang 0.3-2 158.24 NOTE
r-devel-linux-x86_64-fedora-gcc 0.3-2 147.49 NOTE
r-devel-windows-x86_64 0.3-2 48.00 166.00 214.00 NOTE
r-patched-linux-x86_64 0.3-2 12.46 101.91 114.37 NOTE
r-release-linux-x86_64 0.3-2 9.45 99.72 109.17 NOTE
r-release-macos-arm64 0.3-2 77.00 NOTE
r-release-macos-x86_64 0.3-2 91.00 NOTE
r-release-windows-x86_64 0.3-2 40.00 161.00 201.00 NOTE
r-oldrel-macos-arm64 0.3-2 67.00 NOTE
r-oldrel-macos-x86_64 0.3-2 87.00 NOTE
r-oldrel-windows-ix86+x86_64 0.3-2 20.00 166.00 186.00 NOTE

Check Details

Version: 0.3-2
Check: package dependencies
Result: NOTE
    Package suggested but not available for checking: 'toscaData'
Flavors: r-devel-linux-x86_64-debian-clang, r-devel-linux-x86_64-debian-gcc, r-devel-linux-x86_64-fedora-clang, r-devel-linux-x86_64-fedora-gcc, r-devel-windows-x86_64, r-patched-linux-x86_64, r-release-linux-x86_64, r-release-macos-arm64, r-release-macos-x86_64, r-release-windows-x86_64, r-oldrel-macos-arm64, r-oldrel-macos-x86_64, r-oldrel-windows-ix86+x86_64