Last updated on 2022-07-02 02:53:16 CEST.
Flavor | Version | Tinstall | Tcheck | Ttotal | Status | Flags |
---|---|---|---|---|---|---|
r-devel-linux-x86_64-debian-clang | 0.2-3 | 14.29 | 178.78 | 193.07 | NOTE | |
r-devel-linux-x86_64-debian-gcc | 0.2-3 | 11.44 | 131.55 | 142.99 | NOTE | |
r-devel-linux-x86_64-fedora-clang | 0.2-3 | 234.48 | NOTE | |||
r-devel-linux-x86_64-fedora-gcc | 0.2-3 | 238.63 | NOTE | |||
r-devel-windows-x86_64 | 0.2-3 | 103.00 | 242.00 | 345.00 | NOTE | |
r-patched-linux-x86_64 | 0.2-3 | 12.88 | 168.58 | 181.46 | NOTE | |
r-release-linux-x86_64 | 0.2-3 | 14.59 | 168.92 | 183.51 | NOTE | |
r-release-macos-arm64 | 0.2-3 | 71.00 | NOTE | |||
r-release-macos-x86_64 | 0.2-3 | 89.00 | NOTE | |||
r-release-windows-x86_64 | 0.2-3 | 106.00 | 251.00 | 357.00 | NOTE | |
r-oldrel-macos-arm64 | 0.2-3 | 79.00 | NOTE | |||
r-oldrel-macos-x86_64 | 0.2-3 | 139.00 | NOTE | |||
r-oldrel-windows-ix86+x86_64 | 0.2-3 | 26.00 | 227.00 | 253.00 | NOTE |
Version: 0.2-3
Check: package dependencies
Result: NOTE
Package suggested but not available for checking: 'taxidata'
Flavors: r-devel-linux-x86_64-debian-clang, r-devel-linux-x86_64-debian-gcc, r-devel-linux-x86_64-fedora-clang, r-devel-linux-x86_64-fedora-gcc, r-devel-windows-x86_64, r-patched-linux-x86_64, r-release-linux-x86_64, r-release-macos-arm64, r-release-macos-x86_64, r-release-windows-x86_64, r-oldrel-macos-arm64, r-oldrel-macos-x86_64, r-oldrel-windows-ix86+x86_64