CRAN Package Check Results for Package truncSP

Last updated on 2022-12-07 02:51:59 CET.

Flavor Version Tinstall Tcheck Ttotal Status Flags
r-devel-linux-x86_64-debian-clang 1.2.2 5.19 49.96 55.15 NOTE
r-devel-linux-x86_64-debian-gcc 1.2.2 3.95 37.90 41.85 NOTE
r-devel-linux-x86_64-fedora-clang 1.2.2 77.15 NOTE
r-devel-linux-x86_64-fedora-gcc 1.2.2 74.71 NOTE
r-devel-windows-x86_64 1.2.2 23.00 83.00 106.00 NOTE
r-patched-linux-x86_64 1.2.2 4.08 45.41 49.49 NOTE
r-release-linux-x86_64 1.2.2 4.99 46.62 51.61 NOTE
r-release-macos-arm64 1.2.2 24.00 NOTE
r-release-macos-x86_64 1.2.2 32.00 NOTE
r-release-windows-x86_64 1.2.2 18.00 82.00 100.00 NOTE
r-oldrel-macos-arm64 1.2.2 29.00 NOTE
r-oldrel-macos-x86_64 1.2.2 41.00 NOTE
r-oldrel-windows-ix86+x86_64 1.2.2 10.00 74.00 84.00 NOTE

Check Details

Version: 1.2.2
Check: DESCRIPTION meta-information
Result: NOTE
    Malformed Description field: should contain one or more complete sentences.
Flavors: r-devel-linux-x86_64-debian-clang, r-devel-linux-x86_64-debian-gcc, r-devel-linux-x86_64-fedora-clang, r-devel-linux-x86_64-fedora-gcc, r-devel-windows-x86_64, r-patched-linux-x86_64, r-release-linux-x86_64, r-release-macos-arm64, r-release-macos-x86_64, r-release-windows-x86_64, r-oldrel-macos-arm64, r-oldrel-macos-x86_64, r-oldrel-windows-ix86+x86_64