CRAN Package Check Results for Package tsmp

Last updated on 2020-09-26 02:52:35 CEST.

Flavor Version Tinstall Tcheck Ttotal Status Flags
r-devel-linux-x86_64-debian-clang 0.4.14 56.21 107.17 163.38 NOTE
r-devel-linux-x86_64-debian-gcc 0.4.14 44.43 79.95 124.38 NOTE
r-devel-linux-x86_64-fedora-clang 0.4.14 250.96 NOTE
r-devel-linux-x86_64-fedora-gcc 0.4.14 202.07 NOTE
r-devel-windows-ix86+x86_64 0.4.14 121.00 192.00 313.00 NOTE
r-patched-linux-x86_64 0.4.14 45.62 101.88 147.50 NOTE
r-patched-solaris-x86 0.4.14 219.20 NOTE
r-release-linux-x86_64 0.4.14 44.01 102.25 146.26 NOTE
r-release-macos-x86_64 0.4.14 NOTE
r-release-windows-ix86+x86_64 0.4.14 119.00 198.00 317.00 NOTE
r-oldrel-macos-x86_64 0.4.14 NOTE
r-oldrel-windows-ix86+x86_64 0.4.14 111.00 177.00 288.00 NOTE

Additional issues

clang-UBSAN

Check Details

Version: 0.4.14
Check: for GNU extensions in Makefiles
Result: NOTE
    GNU make is a SystemRequirements.
Flavors: r-devel-linux-x86_64-debian-clang, r-devel-linux-x86_64-debian-gcc, r-devel-linux-x86_64-fedora-clang, r-devel-linux-x86_64-fedora-gcc, r-devel-windows-ix86+x86_64, r-patched-linux-x86_64, r-patched-solaris-x86, r-release-linux-x86_64, r-release-macos-x86_64, r-release-windows-ix86+x86_64, r-oldrel-macos-x86_64, r-oldrel-windows-ix86+x86_64

Version: 0.4.14
Check: installed package size
Result: NOTE
     installed size is 8.7Mb
     sub-directories of 1Mb or more:
     data 4.6Mb
     libs 2.8Mb
Flavors: r-devel-linux-x86_64-fedora-clang, r-devel-windows-ix86+x86_64, r-patched-solaris-x86, r-release-macos-x86_64, r-release-windows-ix86+x86_64, r-oldrel-macos-x86_64, r-oldrel-windows-ix86+x86_64