Last updated on 2021-04-16 02:47:40 CEST.
Flavor | Version | Tinstall | Tcheck | Ttotal | Status | Flags |
---|---|---|---|---|---|---|
r-devel-linux-x86_64-debian-clang | 0.9 | 2.51 | 28.06 | 30.57 | NOTE | |
r-devel-linux-x86_64-debian-gcc | 0.9 | 2.03 | 21.80 | 23.83 | NOTE | |
r-devel-linux-x86_64-fedora-clang | 0.9 | 45.60 | NOTE | |||
r-devel-linux-x86_64-fedora-gcc | 0.9 | 36.13 | NOTE | |||
r-devel-windows-ix86+x86_64 | 0.9 | 6.00 | 39.00 | 45.00 | NOTE | |
r-devel-windows-x86_64-gcc10-UCRT | 0.9 | NOTE | ||||
r-patched-linux-x86_64 | 0.9 | 2.37 | 26.64 | 29.01 | OK | |
r-patched-solaris-x86 | 0.9 | 56.20 | OK | |||
r-release-linux-x86_64 | 0.9 | 2.66 | 26.86 | 29.52 | OK | |
r-release-macos-x86_64 | 0.9 | OK | ||||
r-release-windows-ix86+x86_64 | 0.9 | 16.00 | 45.00 | 61.00 | OK | |
r-oldrel-macos-x86_64 | 0.9 | OK | ||||
r-oldrel-windows-ix86+x86_64 | 0.9 | 5.00 | 33.00 | 38.00 | OK |
Version: 0.9
Check: LazyData
Result: NOTE
'LazyData' is specified without a 'data' directory
Flavors: r-devel-linux-x86_64-debian-clang, r-devel-linux-x86_64-debian-gcc, r-devel-linux-x86_64-fedora-clang, r-devel-linux-x86_64-fedora-gcc, r-devel-windows-ix86+x86_64, r-devel-windows-x86_64-gcc10-UCRT