CRAN Package Check Results for Package tune

Last updated on 2022-08-11 03:52:22 CEST.

Flavor Version Tinstall Tcheck Ttotal Status Flags
r-devel-linux-x86_64-debian-clang 1.0.0 26.96 179.37 206.33 OK
r-devel-linux-x86_64-debian-gcc 1.0.0 21.83 134.64 156.47 OK
r-devel-linux-x86_64-fedora-clang 1.0.0 256.08 NOTE
r-devel-linux-x86_64-fedora-gcc 1.0.0 264.16 OK
r-devel-windows-x86_64 1.0.0 73.00 200.00 273.00 OK
r-patched-linux-x86_64 1.0.0 27.28 166.45 193.73 OK
r-release-linux-x86_64 1.0.0 OK
r-release-macos-arm64 1.0.0 64.00 OK
r-release-macos-x86_64 1.0.0 125.00 OK
r-release-windows-x86_64 1.0.0 75.00 202.00 277.00 OK
r-oldrel-macos-arm64 1.0.0 59.00 OK
r-oldrel-macos-x86_64 1.0.0 100.00 OK
r-oldrel-windows-ix86+x86_64 1.0.0 51.00 189.00 240.00 OK

Check Details

Version: 1.0.0
Check: package dependencies
Result: NOTE
    Imports includes 22 non-default packages.
    Importing from so many packages makes the package vulnerable to any of
    them becoming unavailable. Move as many as possible to Suggests and
    use conditionally.
Flavor: r-devel-linux-x86_64-fedora-clang