CRAN Package Check Results for Package tuneRanger

Last updated on 2021-03-04 02:48:24 CET.

Flavor Version Tinstall Tcheck Ttotal Status Flags
r-devel-linux-x86_64-debian-clang 0.5 14.64 143.64 158.28 OK
r-devel-linux-x86_64-debian-gcc 0.5 10.68 107.43 118.11 OK
r-devel-linux-x86_64-fedora-clang 0.5 195.72 NOTE
r-devel-linux-x86_64-fedora-gcc 0.5 181.44 OK
r-devel-windows-ix86+x86_64 0.5 31.00 164.00 195.00 OK
r-patched-linux-x86_64 0.5 12.36 134.37 146.73 OK
r-patched-solaris-x86 0.5 337.60 OK
r-release-linux-x86_64 0.5 13.91 133.58 147.49 OK
r-release-macos-x86_64 0.5 OK
r-release-windows-ix86+x86_64 0.5 25.00 128.00 153.00 OK
r-oldrel-macos-x86_64 0.5 OK
r-oldrel-windows-ix86+x86_64 0.5 27.00 162.00 189.00 OK

Check Details

Version: 0.5
Check: Rd cross-references
Result: NOTE
    Undeclared package ‘randomForest’ in Rd xrefs
Flavor: r-devel-linux-x86_64-fedora-clang