CRAN Package Check Results for Package udpipe

Last updated on 2020-06-04 02:48:17 CEST.

Flavor Version Tinstall Tcheck Ttotal Status Flags
r-devel-linux-x86_64-debian-clang 0.8.3 147.72 355.36 503.08 OK
r-devel-linux-x86_64-debian-gcc 0.8.3 132.51 295.46 427.97 OK
r-devel-linux-x86_64-fedora-clang 0.8.3 609.39 NOTE
r-devel-linux-x86_64-fedora-gcc 0.8.3 703.21 OK
r-devel-windows-ix86+x86_64 0.8.3 294.00 590.00 884.00 NOTE
r-patched-linux-x86_64 0.8.3 134.49 376.02 510.51 OK
r-patched-solaris-x86 0.8.3 764.70 NOTE
r-release-linux-x86_64 0.8.3 141.29 372.61 513.90 OK
r-release-osx-x86_64 0.8.3 NOTE
r-release-windows-ix86+x86_64 0.8.3 242.00 583.00 825.00 NOTE
r-oldrel-osx-x86_64 0.8.3 NOTE
r-oldrel-windows-ix86+x86_64 0.8.3 301.00 491.00 792.00 NOTE

Check Details

Version: 0.8.3
Check: installed package size
Result: NOTE
     installed size is 33.4Mb
     sub-directories of 1Mb or more:
     doc 6.9Mb
     dummydata 1.4Mb
     libs 23.7Mb
Flavors: r-devel-linux-x86_64-fedora-clang, r-devel-windows-ix86+x86_64, r-patched-solaris-x86, r-release-osx-x86_64, r-release-windows-ix86+x86_64, r-oldrel-osx-x86_64, r-oldrel-windows-ix86+x86_64