CRAN Package Check Results for Package updog

Last updated on 2023-05-28 02:56:05 CEST.

Flavor Version Tinstall Tcheck Ttotal Status Flags
r-devel-linux-x86_64-debian-clang 2.1.3 118.70 145.91 264.61 NOTE
r-devel-linux-x86_64-debian-gcc 2.1.3 92.27 108.97 201.24 NOTE
r-devel-linux-x86_64-fedora-clang 2.1.3 410.54 NOTE
r-devel-linux-x86_64-fedora-gcc 2.1.3 420.37 NOTE
r-devel-windows-x86_64 2.1.3 97.00 163.00 260.00 NOTE
r-patched-linux-x86_64 2.1.3 87.98 138.02 226.00 NOTE
r-release-linux-x86_64 2.1.3 92.32 138.77 231.09 NOTE
r-release-macos-arm64 2.1.3 94.00 NOTE
r-release-macos-x86_64 2.1.3 178.00 NOTE
r-release-windows-x86_64 2.1.3 118.00 200.00 318.00 NOTE
r-oldrel-macos-arm64 2.1.3 97.00 OK
r-oldrel-macos-x86_64 2.1.3 123.00 OK
r-oldrel-windows-x86_64 2.1.3 120.00 186.00 306.00 OK

Check Details

Version: 2.1.3
Check: C++ specification
Result: NOTE
     Specified C++11: please drop specification unless essential
Flavors: r-devel-linux-x86_64-debian-clang, r-devel-linux-x86_64-debian-gcc, r-devel-linux-x86_64-fedora-clang, r-devel-linux-x86_64-fedora-gcc, r-devel-windows-x86_64, r-patched-linux-x86_64, r-release-linux-x86_64, r-release-macos-arm64, r-release-macos-x86_64, r-release-windows-x86_64

Version: 2.1.3
Check: package dependencies
Result: NOTE
    Package suggested but not available for checking: ‘VariantAnnotation’
Flavor: r-release-macos-arm64