Last updated on 2021-01-27 02:50:42 CET.
Flavor | Version | Tinstall | Tcheck | Ttotal | Status | Flags |
---|---|---|---|---|---|---|
r-devel-linux-x86_64-debian-clang | 2.0.2 | 123.06 | 102.93 | 225.99 | OK | |
r-devel-linux-x86_64-debian-gcc | 2.0.2 | 80.93 | 75.49 | 156.42 | OK | |
r-devel-linux-x86_64-fedora-clang | 2.0.2 | 309.45 | NOTE | |||
r-devel-linux-x86_64-fedora-gcc | 2.0.2 | 288.93 | OK | |||
r-devel-windows-ix86+x86_64 | 2.0.2 | 293.00 | 202.00 | 495.00 | OK | |
r-patched-linux-x86_64 | 2.0.2 | 97.68 | 96.15 | 193.83 | OK | |
r-patched-solaris-x86 | 2.0.2 | 318.00 | OK | |||
r-release-linux-x86_64 | 2.0.2 | 96.67 | 96.99 | 193.66 | OK | |
r-release-macos-x86_64 | 2.0.2 | OK | ||||
r-release-windows-ix86+x86_64 | 2.0.2 | 282.00 | 156.00 | 438.00 | OK | |
r-oldrel-macos-x86_64 | 2.0.2 | OK | ||||
r-oldrel-windows-ix86+x86_64 | 2.0.2 | 210.00 | 174.00 | 384.00 | OK |
Version: 2.0.2
Check: installed package size
Result: NOTE
installed size is 5.0Mb
sub-directories of 1Mb or more:
libs 4.2Mb
Flavor: r-devel-linux-x86_64-fedora-clang