CRAN Package Check Results for Package urltools

Last updated on 2021-01-24 02:50:29 CET.

Flavor Version Tinstall Tcheck Ttotal Status Flags
r-devel-linux-x86_64-debian-clang 1.7.3 73.80 35.18 108.98 OK
r-devel-linux-x86_64-debian-gcc 1.7.3 48.03 28.06 76.09 OK
r-devel-linux-x86_64-fedora-clang 1.7.3 170.92 NOTE
r-devel-linux-x86_64-fedora-gcc 1.7.3 139.32 NOTE
r-devel-windows-ix86+x86_64 1.7.3 179.00 67.00 246.00 OK
r-patched-linux-x86_64 1.7.3 60.07 34.18 94.25 OK
r-patched-solaris-x86 1.7.3 140.50 NOTE
r-release-linux-x86_64 1.7.3 56.24 34.36 90.60 OK
r-release-macos-x86_64 1.7.3 NOTE
r-release-windows-ix86+x86_64 1.7.3 176.00 89.00 265.00 OK
r-oldrel-macos-x86_64 1.7.3 NOTE
r-oldrel-windows-ix86+x86_64 1.7.3 136.00 81.00 217.00 OK

Check Details

Version: 1.7.3
Check: Rd cross-references
Result: NOTE
    Undeclared package ‘httr’ in Rd xrefs
Flavor: r-devel-linux-x86_64-fedora-clang

Version: 1.7.3
Check: data for non-ASCII characters
Result: NOTE
     Note: found 488 marked UTF-8 strings
Flavors: r-devel-linux-x86_64-fedora-clang, r-devel-linux-x86_64-fedora-gcc, r-patched-solaris-x86, r-release-macos-x86_64, r-oldrel-macos-x86_64