CRAN Package Check Results for Package usedist

Last updated on 2023-03-31 03:52:55 CEST.

Flavor Version Tinstall Tcheck Ttotal Status Flags
r-devel-linux-x86_64-debian-clang 0.4.0 2.01 26.73 28.74 NOTE
r-devel-linux-x86_64-debian-gcc 0.4.0 1.87 20.55 22.42 NOTE
r-devel-linux-x86_64-fedora-clang 0.4.0 36.46 NOTE
r-devel-linux-x86_64-fedora-gcc 0.4.0 34.01 NOTE
r-patched-linux-x86_64 0.4.0 2.25 25.34 27.59 NOTE
r-release-linux-x86_64 0.4.0 1.74 26.26 28.00 NOTE
r-release-macos-arm64 0.4.0 16.00 NOTE
r-release-macos-x86_64 0.4.0 24.00 NOTE
r-release-windows-x86_64 0.4.0 14.00 59.00 73.00 NOTE
r-oldrel-macos-arm64 0.4.0 26.00 NOTE
r-oldrel-macos-x86_64 0.4.0 30.00 NOTE
r-oldrel-windows-ix86+x86_64 0.4.0 5.00 50.00 55.00 NOTE

Check Details

Version: 0.4.0
Check: LazyData
Result: NOTE
     'LazyData' is specified without a 'data' directory
Flavors: r-devel-linux-x86_64-debian-clang, r-devel-linux-x86_64-debian-gcc, r-devel-linux-x86_64-fedora-clang, r-devel-linux-x86_64-fedora-gcc, r-patched-linux-x86_64, r-release-linux-x86_64, r-release-macos-arm64, r-release-macos-x86_64, r-release-windows-x86_64, r-oldrel-macos-arm64, r-oldrel-macos-x86_64, r-oldrel-windows-ix86+x86_64