CRAN Package Check Results for Package valaddin

Last updated on 2022-07-02 02:53:17 CEST.

Flavor Version Tinstall Tcheck Ttotal Status Flags
r-devel-linux-x86_64-debian-clang 1.0.1 4.46 70.41 74.87 NOTE
r-devel-linux-x86_64-debian-gcc 1.0.1 3.82 52.54 56.36 NOTE
r-devel-linux-x86_64-fedora-clang 1.0.1 97.12 NOTE
r-devel-linux-x86_64-fedora-gcc 1.0.1 96.57 NOTE
r-devel-windows-x86_64 1.0.1 75.00 105.00 180.00 NOTE
r-patched-linux-x86_64 1.0.1 5.90 67.24 73.14 NOTE
r-release-linux-x86_64 1.0.1 4.11 66.24 70.35 NOTE
r-release-macos-arm64 1.0.1 26.00 NOTE
r-release-macos-x86_64 1.0.1 40.00 NOTE
r-release-windows-x86_64 1.0.1 86.00 105.00 191.00 NOTE
r-oldrel-macos-arm64 1.0.1 28.00 NOTE
r-oldrel-macos-x86_64 1.0.1 52.00 NOTE
r-oldrel-windows-ix86+x86_64 1.0.1 11.00 93.00 104.00 NOTE

Check Details

Version: 1.0.1
Check: LazyData
Result: NOTE
     'LazyData' is specified without a 'data' directory
Flavors: r-devel-linux-x86_64-debian-clang, r-devel-linux-x86_64-debian-gcc, r-devel-linux-x86_64-fedora-clang, r-devel-linux-x86_64-fedora-gcc, r-devel-windows-x86_64, r-patched-linux-x86_64, r-release-linux-x86_64, r-release-macos-arm64, r-release-macos-x86_64, r-release-windows-x86_64, r-oldrel-macos-arm64, r-oldrel-macos-x86_64, r-oldrel-windows-ix86+x86_64