CRAN Package Check Results for Package vcd

Last updated on 2021-01-23 02:47:49 CET.

Flavor Version Tinstall Tcheck Ttotal Status Flags
r-devel-linux-x86_64-debian-clang 1.4-8 12.29 196.15 208.44 OK
r-devel-linux-x86_64-debian-gcc 1.4-8 9.92 146.74 156.66 OK
r-devel-linux-x86_64-fedora-clang 1.4-8 264.68 OK
r-devel-linux-x86_64-fedora-gcc 1.4-8 244.98 OK
r-devel-windows-ix86+x86_64 1.4-8 22.00 168.00 190.00 OK
r-patched-linux-x86_64 1.4-8 12.21 183.24 195.45 OK
r-patched-solaris-x86 1.4-8 303.00 OK
r-release-linux-x86_64 1.4-8 12.64 182.14 194.78 WARN
r-release-macos-x86_64 1.4-8 OK
r-release-windows-ix86+x86_64 1.4-8 21.00 256.00 277.00 OK
r-oldrel-macos-x86_64 1.4-8 OK
r-oldrel-windows-ix86+x86_64 1.4-8 12.00 179.00 191.00 OK

Check Details

Version: 1.4-8
Check: re-building of vignette outputs
Result: WARN
    Error(s) in re-building vignettes:
     ...
    --- re-building ‘residual-shadings.Rnw’ using Sweave
    Error: processing vignette 'residual-shadings.Rnw' failed with diagnostics:
    Running ‘texi2dvi’ on ‘residual-shadings.tex’ failed.
    LaTeX errors:
    ! Undefined control sequence.
    <recently read> \[email protected]
    
    l.34 \begin{document}
    
    ! Undefined control sequence.
    \[email protected] ->\[email protected]
     \[email protected] \pdfendlink
    l.34 \begin{document}
    
    ! Undefined control sequence.
    <recently read> \[email protected]
    
    l.34 \begin{document}
    
    ! Undefined control sequence.
    \[email protected] ->\[email protected]
     \[email protected] \pdfendlink
    l.34 \begin{document}
    
    --- failed re-building ‘residual-shadings.Rnw’
    
    --- re-building ‘strucplot.Rnw’ using Sweave
    Error: processing vignette 'strucplot.Rnw' failed with diagnostics:
    Running ‘texi2dvi’ on ‘strucplot.tex’ failed.
    LaTeX errors:
    ! Undefined control sequence.
    <recently read> \[email protected]
    
    l.80 \begin{document}
    
    ! Undefined control sequence.
    \[email protected] ->\[email protected]
     \[email protected] \pdfendlink
    l.80 \begin{document}
    
    ! Undefined control sequence.
    <recently read> \[email protected]
    
    l.80 \begin{document}
    
    ! Undefined control sequence.
    \[email protected] ->\[email protected]
     \[email protected] \pdfendlink
    l.80 \begin{document}
    
    --- failed re-building ‘strucplot.Rnw’
    
    SUMMARY: processing the following files failed:
     ‘residual-shadings.Rnw’ ‘strucplot.Rnw’
    
    Error: Vignette re-building failed.
    Execution halted
Flavor: r-release-linux-x86_64