Last updated on 2022-08-10 04:54:15 CEST.
Flavor | Version | Tinstall | Tcheck | Ttotal | Status | Flags |
---|---|---|---|---|---|---|
r-devel-linux-x86_64-debian-clang | 1.13.0 | 149.67 | 214.72 | 364.39 | OK | |
r-devel-linux-x86_64-debian-gcc | 1.13.0 | 122.12 | 169.50 | 291.62 | OK | |
r-devel-linux-x86_64-fedora-clang | 1.13.0 | 514.70 | NOTE | |||
r-devel-linux-x86_64-fedora-gcc | 1.13.0 | 475.20 | OK | |||
r-devel-windows-x86_64 | 1.13.0 | 144.00 | 322.00 | 466.00 | OK | |
r-patched-linux-x86_64 | 1.13.0 | 134.18 | 208.41 | 342.59 | OK | |
r-release-linux-x86_64 | 1.13.0 | OK | ||||
r-release-macos-arm64 | 1.13.0 | 124.00 | NOTE | |||
r-release-macos-x86_64 | 1.13.0 | 172.00 | NOTE | |||
r-release-windows-x86_64 | 1.13.0 | 151.00 | 312.00 | 463.00 | OK | |
r-oldrel-macos-arm64 | 1.13.0 | 125.00 | NOTE | |||
r-oldrel-macos-x86_64 | 1.13.0 | 180.00 | NOTE | |||
r-oldrel-windows-ix86+x86_64 | 1.13.0 | 358.00 | 415.00 | 773.00 | OK |
Version: 1.13.0
Check: installed package size
Result: NOTE
installed size is 5.8Mb
sub-directories of 1Mb or more:
libs 4.2Mb
Flavors: r-devel-linux-x86_64-fedora-clang, r-release-macos-arm64, r-release-macos-x86_64, r-oldrel-macos-arm64, r-oldrel-macos-x86_64