CRAN Package Check Results for Package vegalite

Last updated on 2021-04-16 02:47:41 CEST.

Flavor Version Tinstall Tcheck Ttotal Status Flags
r-devel-linux-x86_64-debian-clang 0.6.1 4.94 52.00 56.94 OK
r-devel-linux-x86_64-debian-gcc 0.6.1 4.46 39.93 44.39 OK
r-devel-linux-x86_64-fedora-clang 0.6.1 78.29 OK
r-devel-linux-x86_64-fedora-gcc 0.6.1 67.18 OK
r-devel-windows-ix86+x86_64 0.6.1 11.00 66.00 77.00 ERROR
r-devel-windows-x86_64-gcc10-UCRT 0.6.1 OK
r-patched-linux-x86_64 0.6.1 5.87 48.05 53.92 OK
r-patched-solaris-x86 0.6.1 94.50 WARN
r-release-linux-x86_64 0.6.1 6.21 48.80 55.01 OK
r-release-macos-x86_64 0.6.1 WARN
r-release-windows-ix86+x86_64 0.6.1 27.00 78.00 105.00 ERROR
r-oldrel-macos-x86_64 0.6.1 WARN
r-oldrel-windows-ix86+x86_64 0.6.1 10.00 54.00 64.00 ERROR

Check Details

Version: 0.6.1
Check: examples
Result: ERROR
    Running examples in 'vegalite-Ex.R' failed
    The error most likely occurred in:
    
    > ### Name: from_spec
    > ### Title: Take a JSON Vega-Lite Spec and render as an htmlwidget
    > ### Aliases: from_spec
    >
    > ### ** Examples
    >
    > from_spec("http://rud.is/dl/embedded.json")
    Warning in file(con, "r") :
     InternetOpenUrl failed: 'Die Serververbindung wurde zurückgesetzt.'
    Error in file(con, "r") : cannot open the connection
    Calls: from_spec -> readLines -> file
    Execution halted
Flavors: r-devel-windows-ix86+x86_64, r-release-windows-ix86+x86_64, r-oldrel-windows-ix86+x86_64

Version: 0.6.1
Check: re-building of vignette outputs
Result: WARN
    Error(s) in re-building vignettes:
     ...
    --- re-building ‘intro_to_vegalite.Rmd’ using rmarkdown
    Warning in engine$weave(file, quiet = quiet, encoding = enc) :
     Pandoc (>= 1.12.3) and/or pandoc-citeproc not available. Falling back to R Markdown v1.
    Quitting from lines 24-36 (intro_to_vegalite.Rmd)
    Error: processing vignette 'intro_to_vegalite.Rmd' failed with diagnostics:
    invalid 'path' argument
    --- failed re-building ‘intro_to_vegalite.Rmd’
    
    SUMMARY: processing the following file failed:
     ‘intro_to_vegalite.Rmd’
    
    Error: Vignette re-building failed.
    Execution halted
Flavor: r-patched-solaris-x86

Version: 0.6.1
Check: re-building of vignette outputs
Result: WARN
    Error(s) in re-building vignettes:
     ...
    --- re-building ‘intro_to_vegalite.Rmd’ using rmarkdown
    Warning in engine$weave(file, quiet = quiet, encoding = enc) :
     Pandoc (>= 1.12.3) and/or pandoc-citeproc not available. Falling back to R Markdown v1.
    Quitting from lines 24-36 (intro_to_vegalite.Rmd)
    Error: processing vignette 'intro_to_vegalite.Rmd' failed with diagnostics:
    cannot open the connection
    --- failed re-building ‘intro_to_vegalite.Rmd’
    
    SUMMARY: processing the following file failed:
     ‘intro_to_vegalite.Rmd’
    
    Error: Vignette re-building failed.
    Execution halted
Flavors: r-release-macos-x86_64, r-oldrel-macos-x86_64