CRAN Package Check Results for Package vennplot

Last updated on 2020-11-27 02:47:20 CET.

Flavor Version Tinstall Tcheck Ttotal Status Flags
r-devel-linux-x86_64-debian-clang 1.0 29.31 64.16 93.47 OK
r-devel-linux-x86_64-debian-gcc 1.0 32.22 53.88 86.10 OK
r-devel-linux-x86_64-fedora-clang 1.0 113.94 OK
r-devel-linux-x86_64-fedora-gcc 1.0 100.46 OK
r-devel-windows-ix86+x86_64 1.0 60.00 105.00 165.00 OK
r-patched-linux-x86_64 1.0 41.99 59.55 101.54 OK
r-patched-solaris-x86 1.0 128.40 OK
r-release-linux-x86_64 1.0 39.01 61.35 100.36 OK
r-release-macos-x86_64 1.0 OK
r-release-windows-ix86+x86_64 1.0 63.00 107.00 170.00 OK
r-oldrel-macos-x86_64 1.0 WARN
r-oldrel-windows-ix86+x86_64 1.0 56.00 90.00 146.00 OK

Check Details

Version: 1.0
Check: whether package can be installed
Result: WARN
    Found the following significant warnings:
     Warning: 'rgl_init' failed, running with rgl.useNULL = TRUE
Flavor: r-oldrel-macos-x86_64