CRAN Package Check Results for Package viridisLite

Last updated on 2021-01-25 02:46:50 CET.

Flavor Version Tinstall Tcheck Ttotal Status Flags
r-devel-linux-x86_64-debian-clang 0.3.0 1.61 23.88 25.49 OK
r-devel-linux-x86_64-debian-gcc 0.3.0 1.49 19.04 20.53 OK
r-devel-linux-x86_64-fedora-clang 0.3.0 42.70 OK
r-devel-linux-x86_64-fedora-gcc 0.3.0 30.67 OK
r-devel-windows-ix86+x86_64 0.3.0 5.00 39.00 44.00 OK
r-patched-linux-x86_64 0.3.0 1.63 23.06 24.69 OK
r-patched-solaris-x86 0.3.0 46.60 OK
r-release-linux-x86_64 0.3.0 1.73 23.43 25.16 OK
r-release-macos-x86_64 0.3.0 ERROR
r-release-windows-ix86+x86_64 0.3.0 7.00 38.00 45.00 OK
r-oldrel-macos-x86_64 0.3.0 OK
r-oldrel-windows-ix86+x86_64 0.3.0 3.00 40.00 43.00 OK

Check Details

Version: 0.3.0
Check: examples
Result: ERROR
    Running examples in ‘viridisLite-Ex.R’ failed
    The error most likely occurred in:
    
    > ### Name: viridis
    > ### Title: Matplotlib 'viridis' and 'cividis' color map
    > ### Aliases: viridis viridisMap magma inferno plasma cividis
    >
    > ### ** Examples
    >
    > library(ggplot2)
    Error: package or namespace load failed for ‘ggplot2’ in loadNamespace(j <- i[[1L]], c(lib.loc, .libPaths()), versionCheck = vI[[j]]):
     there is no package called ‘lifecycle’
    Execution halted
Flavor: r-release-macos-x86_64